{"id":82871,"date":"2023-06-16T12:01:49","date_gmt":"2023-06-16T12:01:49","guid":{"rendered":"http:\/\/www.condepoveda.com\/?page_id=82871"},"modified":"2023-06-16T12:01:49","modified_gmt":"2023-06-16T12:01:49","slug":"perunsolvot","status":"publish","type":"page","link":"https:\/\/www.condepoveda.com\/es\/perunsolvot\/","title":{"rendered":"ARTICLE: Per un sol vot"},"content":{"rendered":"<p><img decoding=\"async\" class=\"alignnone wp-image-82872 size-full\" src=\"http:\/\/www.condepoveda.com\/wp-content\/uploads\/2023\/06\/Captura-de-pantalla-2023-06-16-a-les-13.43.20.png\" alt=\"\" width=\"997\" height=\"698\" srcset=\"https:\/\/www.condepoveda.com\/wp-content\/uploads\/2023\/06\/Captura-de-pantalla-2023-06-16-a-les-13.43.20.png 997w, https:\/\/www.condepoveda.com\/wp-content\/uploads\/2023\/06\/Captura-de-pantalla-2023-06-16-a-les-13.43.20-600x420.png 600w, https:\/\/www.condepoveda.com\/wp-content\/uploads\/2023\/06\/Captura-de-pantalla-2023-06-16-a-les-13.43.20-300x210.png 300w, https:\/\/www.condepoveda.com\/wp-content\/uploads\/2023\/06\/Captura-de-pantalla-2023-06-16-a-les-13.43.20-768x538.png 768w, https:\/\/www.condepoveda.com\/wp-content\/uploads\/2023\/06\/Captura-de-pantalla-2023-06-16-a-les-13.43.20-350x245.png 350w\" sizes=\"(max-width: 997px) 100vw, 997px\" \/><\/p>\n<h1><strong>&#8220;Per un sol vot&#8221;<\/strong><\/h1>\n<h3><em>(16\/06\/23 a l&#8217;Eco de Sitges\/Ribes)<\/em><\/h3>\n<blockquote>\n<h2><em><strong>L&#8217;extrema dreta ha aconseguit un regidor per primera vegada i, a m\u00e9s, per un \u00fanic vot<\/strong><\/em><\/h2>\n<\/blockquote>\n<p><span style=\"font-weight: 400;\">Les nits electorals a les seus dels partits pol\u00edtics s\u00f3n de fortes emocions i el ve\u00efnatge ha de suportar o els trets de les ampolles de cava on s&#8217;ha repartit fortuna o b\u00e9 el somiqueig i el lament per la derrota on no \u00e9s el cas. No les recomano a alg\u00fa amb problemes card\u00edacs. A sobre, a vegades es fan tan llargues que duren uns quants dies. \u00c9s el que va passar a Sant Pere de Ribes la nit del 28, quan alguns partits ens vam adonar (gr\u00e0cies a la feinada de l&#8217;Albert Guillaumes i el seu recompte simultani) que Vox &#8211; i, per tant, l&#8217;extrema dreta &#8211; havia aconseguit un regidor per primera vegada al consistori i ,a m\u00e9s, per un \u00fanic vot. I \u00e9s que, per obtenir representaci\u00f3 a unes eleccions locals, s\u2019ha d&#8217;assolir almenys el 5% dels vots v\u00e0lids emesos. I, en aquest cas, amb tan sols amb 565 vots els hi ha bastat. \u00c9s a dir, un 5,006%. Un vot menys i no haguessin entrat!\u00a0<\/span><\/p>\n<p>&nbsp;<\/p>\n<p><span style=\"font-weight: 400;\">Llavors, tot trontolla. Perqu\u00e8 per norma general &#8211; tupinades i mal perdre al marge -, els resultats s\u00f3n tan clars que no es discuteixen. Per\u00f2, quan tot ha anat d&#8217;un \u00fanic vot no val la pena treure la calculadora i comprovar que tot \u00e9s correcte? Aqu\u00ed \u00e9s quan es desempolsen els manuals i sorgeix una remota possibilitat: si s&#8217;obtingu\u00e8s que quinze vots nuls passessin a ser v\u00e0lids i comptessin per altres partits, Vox restaria per sota del citat 5% i es quedaria fora. Per qu\u00e8 no intentar-ho? Total: posats a fer, tant fa que el PSC passi a tenir tretze que catorze regidors.<\/span><\/p>\n<p><span style=\"font-weight: 400;\">Aix\u00ed \u00e9s com la nit electoral va durar una setmana, i ens va dur divendres passat a un escrutini general dels resultats als jutjats com mai els havia vist de concorreguts. I \u00e9s que, si al&#8217;extrema dreta havia entrat per un vot Sant Pere de Ribes, a Vilanova i la Geltr\u00fa s&#8217;havia quedat fora per una quinzena. Aix\u00ed que all\u00e0 hi eren per intentar tot el contrari. La sessi\u00f3 va ser eterna (m\u00e9s de 8 hores) i compadeixo les cares del funcionariat quan van veure que reclam\u00e0vem que es revisessin un a un tots els vots nuls. El resultat ja ho sabem tots: res va canviar. Era massa dif\u00edcil.<\/span><\/p>\n<p>&nbsp;<\/p>\n<p><span style=\"font-weight: 400;\">Per\u00f2, a la vegada es va revelar que, entre els vots indiscutiblement nuls, n&#8217;hi havia gaireb\u00e9 una trentena que eren paperetes del refer\u00e8ndum d&#8217;autodeterminaci\u00f3 de l&#8217;1 d&#8217;Octubre. Es tractava d&#8217;una campanya impulsada per col\u00b7lectius independentistes cr\u00edtics amb els partits. \u00c9s injust establir-hi relacions &#8211; i no s\u2019ha de fer &#8211; per\u00f2, quan el finan\u00e7ament del discurs de l&#8217;odi amb recursos de tots va d&#8217;un vot i has de suar la cansalada per pugnar tot l\u2019impugnable, \u00e9s inevitable conjecturar en com hagu\u00e9s canviat la cosa si aquest vot protesta s&#8217;hagu\u00e9s aglutinat entorn d&#8217;un partit en concret. O, almenys, entorn del vot en blanc, ja que computa com a v\u00e0lid i aleshores les candidatures han d\u2019obtenir m\u00e9s vots per aconseguir representaci\u00f3. En aquest cas, comportaria\u00a0 que partits poc representatius i que atempten directament contra els drets de determinats col\u00b7lectius deixin de beneficiar-se de la baixa participaci\u00f3 promulgada per la desafecci\u00f3 pol\u00edtica. I \u00e9s que no hi ha un auge del votant de la dreta espanyolista. Tenen el mateix nombre de votants que sempre (de fet, aqu\u00ed, menys que el 2011), el que hi ha \u00e9s una desmobilitzaci\u00f3 del votant m\u00e9s progressista i, sobretot, independentista. Aprenguem-hi.<\/span><\/p>\n<p>&nbsp;<\/p>\n<p><span style=\"font-weight: 400;\">S\u00ed, el panorama pol\u00edtic \u00e9s un mullader i les picabaralles s\u00f3n desoladores. Per\u00f2, ens podem permetre el privilegi de deixar que l&#8217;odi avanci per la incompareixen\u00e7a dels que ens hi oposem? Del poc que va dir en campanya el candidat de Vox al municipi \u00e9s que tancaria el servei d&#8217;atenci\u00f3 a les v\u00edctimes de la viol\u00e8ncia masclista. Abaixarem els bra\u00e7os contra aix\u00f2?<\/span><\/p>\n<p><span style=\"font-weight: 400;\">Al final, votar amb el nas tapat potser \u00e9s m\u00e9s digne que fer-ho amb una bena als ulls (per all\u00f2 que diuen que l&#8217;amor \u00e9s cec), en tot cas, el que \u00e9s ben segur \u00e9s que l&#8217;alternativa \u00e9s que la nit no\u00a0 duri tan sols una setmana, sin\u00f3 que la seva foscor es faci eterna.<\/span><\/p>\n<p>&nbsp;<\/p>","protected":false},"excerpt":{"rendered":"<p>&#8220;Per un sol vot&#8221; (16\/06\/23 a l&#8217;Eco de Sitges\/Ribes) L&#8217;extrema dreta ha aconseguit un regidor per primera vegada i, a [&hellip;]<\/p>","protected":false},"author":2,"featured_media":0,"parent":0,"menu_order":0,"comment_status":"closed","ping_status":"closed","template":"","meta":{"_exactmetrics_skip_tracking":false,"_exactmetrics_sitenote_active":false,"_exactmetrics_sitenote_note":"","_exactmetrics_sitenote_category":0,"footnotes":""},"class_list":["post-82871","page","type-page","status-publish","hentry"],"_links":{"self":[{"href":"https:\/\/www.condepoveda.com\/es\/wp-json\/wp\/v2\/pages\/82871","targetHints":{"allow":["GET"]}}],"collection":[{"href":"https:\/\/www.condepoveda.com\/es\/wp-json\/wp\/v2\/pages"}],"about":[{"href":"https:\/\/www.condepoveda.com\/es\/wp-json\/wp\/v2\/types\/page"}],"author":[{"embeddable":true,"href":"https:\/\/www.condepoveda.com\/es\/wp-json\/wp\/v2\/users\/2"}],"replies":[{"embeddable":true,"href":"https:\/\/www.condepoveda.com\/es\/wp-json\/wp\/v2\/comments?post=82871"}],"version-history":[{"count":1,"href":"https:\/\/www.condepoveda.com\/es\/wp-json\/wp\/v2\/pages\/82871\/revisions"}],"predecessor-version":[{"id":82873,"href":"https:\/\/www.condepoveda.com\/es\/wp-json\/wp\/v2\/pages\/82871\/revisions\/82873"}],"wp:attachment":[{"href":"https:\/\/www.condepoveda.com\/es\/wp-json\/wp\/v2\/media?parent=82871"}],"curies":[{"name":"wp","href":"https:\/\/api.w.org\/{rel}","templated":true}]}}

<p><img decoding="async" class="alignnone wp-image-82872 size-full" src="http://www.condepoveda.com/wp-content/uploads/2023/06/Captura-de-pantalla-2023-06-16-a-les-13.43.20.png" alt="" width="997" height="698" srcset="https://www.condepoveda.com/wp-content/uploads/2023/06/Captura-de-pantalla-2023-06-16-a-les-13.43.20.png 997w, https://www.condepoveda.com/wp-content/uploads/2023/06/Captura-de-pantalla-2023-06-16-a-les-13.43.20-600x420.png 600w, https://www.condepoveda.com/wp-content/uploads/2023/06/Captura-de-pantalla-2023-06-16-a-les-13.43.20-300x210.png 300w, https://www.condepoveda.com/wp-content/uploads/2023/06/Captura-de-pantalla-2023-06-16-a-les-13.43.20-768x538.png 768w, https://www.condepoveda.com/wp-content/uploads/2023/06/Captura-de-pantalla-2023-06-16-a-les-13.43.20-350x245.png 350w" sizes="(max-width: 997px) 100vw, 997px" /></p>
<h1><strong>&#8220;Per un sol vot&#8221;</strong></h1>
<h3><em>(16/06/23 a l&#8217;Eco de Sitges/Ribes)</em></h3>
<blockquote>
<h2><em><strong>L&#8217;extrema dreta ha aconseguit un regidor per primera vegada i, a més, per un únic vot</strong></em></h2>
</blockquote>
<p><span style="font-weight: 400;">Les nits electorals a les seus dels partits polítics són de fortes emocions i el veïnatge ha de suportar o els trets de les ampolles de cava on s&#8217;ha repartit fortuna o bé el somiqueig i el lament per la derrota on no és el cas. No les recomano a algú amb problemes cardíacs. A sobre, a vegades es fan tan llargues que duren uns quants dies. És el que va passar a Sant Pere de Ribes la nit del 28, quan alguns partits ens vam adonar (gràcies a la feinada de l&#8217;Albert Guillaumes i el seu recompte simultani) que Vox &#8211; i, per tant, l&#8217;extrema dreta &#8211; havia aconseguit un regidor per primera vegada al consistori i ,a més, per un únic vot. I és que, per obtenir representació a unes eleccions locals, s’ha d&#8217;assolir almenys el 5% dels vots vàlids emesos. I, en aquest cas, amb tan sols amb 565 vots els hi ha bastat. És a dir, un 5,006%. Un vot menys i no haguessin entrat! </span></p>
<p>&nbsp;</p>
<p><span style="font-weight: 400;">Llavors, tot trontolla. Perquè per norma general &#8211; tupinades i mal perdre al marge -, els resultats són tan clars que no es discuteixen. Però, quan tot ha anat d&#8217;un únic vot no val la pena treure la calculadora i comprovar que tot és correcte? Aquí és quan es desempolsen els manuals i sorgeix una remota possibilitat: si s&#8217;obtinguès que quinze vots nuls passessin a ser vàlids i comptessin per altres partits, Vox restaria per sota del citat 5% i es quedaria fora. Per què no intentar-ho? Total: posats a fer, tant fa que el PSC passi a tenir tretze que catorze regidors.</span></p>
<p><span style="font-weight: 400;">Així és com la nit electoral va durar una setmana, i ens va dur divendres passat a un escrutini general dels resultats als jutjats com mai els havia vist de concorreguts. I és que, si al&#8217;extrema dreta havia entrat per un vot Sant Pere de Ribes, a Vilanova i la Geltrú s&#8217;havia quedat fora per una quinzena. Així que allà hi eren per intentar tot el contrari. La sessió va ser eterna (més de 8 hores) i compadeixo les cares del funcionariat quan van veure que reclamàvem que es revisessin un a un tots els vots nuls. El resultat ja ho sabem tots: res va canviar. Era massa difícil.</span></p>
<p>&nbsp;</p>
<p><span style="font-weight: 400;">Però, a la vegada es va revelar que, entre els vots indiscutiblement nuls, n&#8217;hi havia gairebé una trentena que eren paperetes del referèndum d&#8217;autodeterminació de l&#8217;1 d&#8217;Octubre. Es tractava d&#8217;una campanya impulsada per col·lectius independentistes crítics amb els partits. És injust establir-hi relacions &#8211; i no s’ha de fer &#8211; però, quan el finançament del discurs de l&#8217;odi amb recursos de tots va d&#8217;un vot i has de suar la cansalada per pugnar tot l’impugnable, és inevitable conjecturar en com hagués canviat la cosa si aquest vot protesta s&#8217;hagués aglutinat entorn d&#8217;un partit en concret. O, almenys, entorn del vot en blanc, ja que computa com a vàlid i aleshores les candidatures han d’obtenir més vots per aconseguir representació. En aquest cas, comportaria  que partits poc representatius i que atempten directament contra els drets de determinats col·lectius deixin de beneficiar-se de la baixa participació promulgada per la desafecció política. I és que no hi ha un auge del votant de la dreta espanyolista. Tenen el mateix nombre de votants que sempre (de fet, aquí, menys que el 2011), el que hi ha és una desmobilització del votant més progressista i, sobretot, independentista. Aprenguem-hi.</span></p>
<p>&nbsp;</p>
<p><span style="font-weight: 400;">Sí, el panorama polític és un mullader i les picabaralles són desoladores. Però, ens podem permetre el privilegi de deixar que l&#8217;odi avanci per la incompareixença dels que ens hi oposem? Del poc que va dir en campanya el candidat de Vox al municipi és que tancaria el servei d&#8217;atenció a les víctimes de la violència masclista. Abaixarem els braços contra això?</span></p>
<p><span style="font-weight: 400;">Al final, votar amb el nas tapat potser és més digne que fer-ho amb una bena als ulls (per allò que diuen que l&#8217;amor és cec), en tot cas, el que és ben segur és que l&#8217;alternativa és que la nit no  duri tan sols una setmana, sinó que la seva foscor es faci eterna.</span></p>
<p>&nbsp;</p>
