{"id":82802,"date":"2022-11-06T12:34:28","date_gmt":"2022-11-06T12:34:28","guid":{"rendered":"http:\/\/www.condepoveda.com\/?page_id=82802"},"modified":"2022-11-06T12:34:28","modified_gmt":"2022-11-06T12:34:28","slug":"article-la-casa-dels-teus-somnis","status":"publish","type":"page","link":"https:\/\/www.condepoveda.com\/es\/article-la-casa-dels-teus-somnis\/","title":{"rendered":"ARTICLE: La casa dels teus somnis"},"content":{"rendered":"<div class=\"wpb-content-wrapper\"><div data-parent=\"true\" class=\"vc_row row-container\" id=\"row-unique-0\"><div class=\"row limit-width row-parent\"><div class=\"wpb_row row-inner\"><div class=\"wpb_column pos-top pos-center align_left column_parent col-lg-12 single-internal-gutter\"><div class=\"uncol style-light\"  ><div class=\"uncoltable\"><div class=\"uncell no-block-padding\" ><div class=\"uncont\"><div class=\"vc_custom_heading_wrap\"><div class=\"heading-text el-text\" ><\/p>\n<h2>ARTICLE: La casa dels teus somnis<\/h2>\n<p>\n<\/div><div class=\"clear\"><\/div><\/div><\/div><\/div><\/div><\/div><\/div><script id=\"script-row-unique-0\" data-row=\"script-row-unique-0\" type=\"text\/javascript\" class=\"vc_controls\">UNCODE.initRow(document.getElementById(\"row-unique-0\"));<\/script><\/div><\/div><\/div><div data-parent=\"true\" class=\"vc_row row-container\" id=\"row-unique-1\"><div class=\"row limit-width row-parent\"><div class=\"wpb_row row-inner\"><div class=\"wpb_column pos-top pos-center align_left column_parent col-lg-12 single-internal-gutter\"><div class=\"uncol style-light\"  ><div class=\"uncoltable\"><div class=\"uncell no-block-padding\" ><div class=\"uncont\"><div class=\"uncode-single-media  text-left\"><div class=\"single-wrapper\" style=\"max-width: 100%;\"><div class=\"tmb tmb-light  tmb-media-first tmb-media-last tmb-content-overlay tmb-no-bg\"><div class=\"t-inside\"><div class=\"t-entry-visual\"><div class=\"t-entry-visual-tc\"><div class=\"uncode-single-media-wrapper\"><img decoding=\"async\" class=\"wp-image-82804\" src=\"https:\/\/www.condepoveda.com\/wp-content\/uploads\/2022\/11\/casa-somnis.jpeg\" width=\"1696\" height=\"1130\" alt=\"\" srcset=\"https:\/\/www.condepoveda.com\/wp-content\/uploads\/2022\/11\/casa-somnis.jpeg 1696w, https:\/\/www.condepoveda.com\/wp-content\/uploads\/2022\/11\/casa-somnis-600x400.jpeg 600w, https:\/\/www.condepoveda.com\/wp-content\/uploads\/2022\/11\/casa-somnis-300x200.jpeg 300w, https:\/\/www.condepoveda.com\/wp-content\/uploads\/2022\/11\/casa-somnis-1024x682.jpeg 1024w, https:\/\/www.condepoveda.com\/wp-content\/uploads\/2022\/11\/casa-somnis-768x512.jpeg 768w, https:\/\/www.condepoveda.com\/wp-content\/uploads\/2022\/11\/casa-somnis-1536x1023.jpeg 1536w\" sizes=\"(max-width: 1696px) 100vw, 1696px\" \/><\/div>\n\t\t\t\t\t<\/div>\n\t\t\t\t<\/div><\/div><\/div><\/div><\/div><\/div><\/div><\/div><\/div><\/div><script id=\"script-row-unique-1\" data-row=\"script-row-unique-1\" type=\"text\/javascript\" class=\"vc_controls\">UNCODE.initRow(document.getElementById(\"row-unique-1\"));<\/script><\/div><\/div><\/div><div data-parent=\"true\" class=\"vc_row row-container\" id=\"row-unique-2\"><div class=\"row limit-width row-parent\"><div class=\"wpb_row row-inner\"><div class=\"wpb_column pos-top pos-center align_left column_parent col-lg-12 single-internal-gutter\"><div class=\"uncol style-light\"  ><div class=\"uncoltable\"><div class=\"uncell no-block-padding\" ><div class=\"uncont\"><div class=\"uncode_text_column\" ><\/p>\n<h2>&#8220;La casa dels teus somnis&#8221;<\/h2>\n<h3><em>(04\/08\/22 a l\u2019Eco de Sitges\/Ribes)<\/em><\/h3>\n<p><span style=\"font-weight: 400;\">&#8220;Hem venut la nostra casa de nova construcci\u00f3 a Cambridge per comprar aquesta mansi\u00f3 d&#8217;art noveau espanyola que porta abandonada trenta o quaranta anys i intentar restaurar-la&#8221;. Aix\u00ed comen\u00e7a el v\u00eddeovlog a YouTube d&#8217;Oliver i Camilla Strong, uns anglesos nouvinguts a la vila, aficionats a l\u2019art i dedicats al m\u00f3n de la comunicaci\u00f3 empresarial, que estan fent les del\u00edcies estiuenques dels aficionats com jo als programes de rehabilitacions del canal de televisi\u00f3 Divinity amb noms com <em>La casa de tus sue\u00f1os<\/em> o <em>V\u00edvala o v\u00e9ndala<\/em>.<\/span><\/p>\n<p><span style=\"font-weight: 400;\">La mansi\u00f3 \u00e9s ni m\u00e9s ni menys que Can Punxes, la casa modernista ubicada a la cantonada de la Pla\u00e7a Marcer a Ribes, encarregada per l&#8217;<em>americano<\/em> Ramon Mestre i Mestres que va regentar del 1900 al 1908 la f\u00e0brica de tabacs La Picota, a Santiago de Cuba. Per cert, la picota era una instal\u00b7laci\u00f3 ubicada a una pla\u00e7a p\u00fablica destinada a l&#8217;execuci\u00f3 d&#8217;esclaus o delinq\u00fcents. Aquesta macabra eina consistia en un mall a un forc\u00f3 enterrat a la pla\u00e7a, on s&#8217;amarraven els reus per a assotar-los o, si es requeria, col\u00b7locar les mans o el cap, per, d&#8217;un tall de destral arrencar-los segons hagu\u00e9s dictat la sent\u00e8ncia les autoritats colonials. Al tamb\u00e9 pais\u00e0 Manuel Pasqual, que va fundar la f\u00e0brica, li degu\u00e9 semblar un nom divertit.<\/span><\/p>\n<p><span style=\"font-weight: 400;\">Aquests dies m&#8217;he mirat embadalit els dos cap\u00edtols que ja han em\u00e8s del serial (i aix\u00ed he practicat el meu angl\u00e8s) per descobrir els murals florals i les espectaculars vistes d&#8217;aquesta casa d&#8217;inspiraci\u00f3 modernista. L&#8217;Oliver i la Camilla semblen encantadors i, a m\u00e9s, han anunciat la seva intenci\u00f3 de participar de la comunitat i obrir la casa durant la Fira dels Indians. Desitjo que els hi vagi b\u00e9 i facin bona feina, per\u00f2, \u00e9s inevitable veure aquests v\u00eddeos sense voler avan\u00e7ar-se al desenlla\u00e7 amb un bon gir dram\u00e0tic com en un d\u2019aquests programes de televisi\u00f3. Trobaran uralita o t\u00e8rmits a la cuina? Descobriran documents comprometedors? Apareixer\u00e0 l&#8217;alcaldessa saludant per la porta?<\/span><\/p>\n<p><span style=\"font-weight: 400;\">La meva ment malpensada i juganera s&#8217;ha posat a buscar pistes per anticipar-se a la trama i m&#8217;ha sorpr\u00e8s veure com en totes les imatges en qu\u00e8 veiem l&#8217;exterior de l&#8217;edifici gaireb\u00e9 no es reconeix la pla\u00e7a Marcer, tan sols la cantonada on \u00e9s la sucursal banc\u00e0ria i la imatge ic\u00f2nica de l&#8217;esgl\u00e9sia nova. I no hi passa ning\u00fa! Aquesta hist\u00f2ria acabar\u00e0 amb uns estrangers comprant la casa rehabilitada per un ull de la cara pensant que \u00e9s a una pla\u00e7a silenciosa? Acabaran denunciant els actes de la Festa Major per sorollosos? Paro ja, perqu\u00e8 no vull ser malici\u00f3s i, com deia els nous inquilins de Can Punxes semblen molt respectuosos i coneixedors del patrimoni local i no vull cridar al mal temps i portar mala sort a la seva aventura.<\/span><\/p>\n<p><span style=\"font-weight: 400;\"> En tot cas, \u00e9s inevitable pensar en la desnaturalitzaci\u00f3 del patrimoni local i en aquelles ciutats convertides en aparadors i atractius llaminers per a inversionistes estrangers mentres les ve\u00efnes i ve\u00efns no es poden permetre ni llogar-se un pis al poble. Hi ha qui passa per davant d\u2019aquestes grans mansions que tenim a Ribes i s&#8217;imagina vivint, i d&#8217;altres, que els hagu\u00e9s agradat hereter-la i forrar-se venent-la, i d&#8217;altres, en canvi, fantasiegem en els meravellosos museus, centres culturals, biblioteques o d&#8217;altres equipaments p\u00fablics en qu\u00e8 podrien convertir-se per a benefici de tothom. Amb tot, aix\u00f2 tampoc va de locals contra estrangers, el club esportiu i social catal\u00e0 m\u00e9s gran i important, el FC Barcelona, el va fundar un su\u00eds, en Hans-Max Gamper Haessig, m\u00e9s conegut com a Joan Gamper. I, en canvi, qui ha denunciat la Patum i posat en tela de judici la viabilitat de la festa amb m\u00e9s de 600 anys d&#8217;hist\u00f2ria ha sigut un senyoret de Berga que va decidir ubicar una resid\u00e8ncia d&#8217;avis de nova creaci\u00f3 on se celebraven els concerts. Qu\u00e8 passar\u00e0 a Ribes? No ho s\u00e9, per\u00f2 jo no em penso perdre el pr\u00f2xim cap\u00edtol.<\/span><\/p>\n<p>&nbsp;<\/p>\n<\/div><\/div><\/div><\/div><\/div><\/div><script id=\"script-row-unique-2\" data-row=\"script-row-unique-2\" type=\"text\/javascript\" class=\"vc_controls\">UNCODE.initRow(document.getElementById(\"row-unique-2\"));<\/script><\/div><\/div><\/div>\n<\/div>","protected":false},"excerpt":{"rendered":"ARTICLE: La casa dels teus somnis &#8220;La casa dels teus somnis&#8221; (04\/08\/22 a l\u2019Eco de Sitges\/Ribes) &#8220;Hem venut la nostra [...]","protected":false},"author":2,"featured_media":0,"parent":0,"menu_order":0,"comment_status":"closed","ping_status":"closed","template":"","meta":{"_exactmetrics_skip_tracking":false,"_exactmetrics_sitenote_active":false,"_exactmetrics_sitenote_note":"","_exactmetrics_sitenote_category":0,"footnotes":""},"class_list":["post-82802","page","type-page","status-publish","hentry"],"_links":{"self":[{"href":"https:\/\/www.condepoveda.com\/es\/wp-json\/wp\/v2\/pages\/82802","targetHints":{"allow":["GET"]}}],"collection":[{"href":"https:\/\/www.condepoveda.com\/es\/wp-json\/wp\/v2\/pages"}],"about":[{"href":"https:\/\/www.condepoveda.com\/es\/wp-json\/wp\/v2\/types\/page"}],"author":[{"embeddable":true,"href":"https:\/\/www.condepoveda.com\/es\/wp-json\/wp\/v2\/users\/2"}],"replies":[{"embeddable":true,"href":"https:\/\/www.condepoveda.com\/es\/wp-json\/wp\/v2\/comments?post=82802"}],"version-history":[{"count":2,"href":"https:\/\/www.condepoveda.com\/es\/wp-json\/wp\/v2\/pages\/82802\/revisions"}],"predecessor-version":[{"id":82805,"href":"https:\/\/www.condepoveda.com\/es\/wp-json\/wp\/v2\/pages\/82802\/revisions\/82805"}],"wp:attachment":[{"href":"https:\/\/www.condepoveda.com\/es\/wp-json\/wp\/v2\/media?parent=82802"}],"curies":[{"name":"wp","href":"https:\/\/api.w.org\/{rel}","templated":true}]}}

<div class="wpb-content-wrapper"><div data-parent="true" class="vc_row row-container" id="row-unique-0"><div class="row limit-width row-parent"><div class="wpb_row row-inner"><div class="wpb_column pos-top pos-center align_left column_parent col-lg-12 single-internal-gutter"><div class="uncol style-light"  ><div class="uncoltable"><div class="uncell no-block-padding" ><div class="uncont"><div class="vc_custom_heading_wrap"><div class="heading-text el-text" ></p>
<h2>ARTICLE: La casa dels teus somnis</h2>
<p>
</div><div class="clear"></div></div></div></div></div></div></div><script id="script-row-unique-0" data-row="script-row-unique-0" type="text/javascript" class="vc_controls">UNCODE.initRow(document.getElementById("row-unique-0"));</script></div></div></div><div data-parent="true" class="vc_row row-container" id="row-unique-1"><div class="row limit-width row-parent"><div class="wpb_row row-inner"><div class="wpb_column pos-top pos-center align_left column_parent col-lg-12 single-internal-gutter"><div class="uncol style-light"  ><div class="uncoltable"><div class="uncell no-block-padding" ><div class="uncont"><div class="uncode-single-media  text-left"><div class="single-wrapper" style="max-width: 100%;"><div class="tmb tmb-light  tmb-media-first tmb-media-last tmb-content-overlay tmb-no-bg"><div class="t-inside"><div class="t-entry-visual"><div class="t-entry-visual-tc"><div class="uncode-single-media-wrapper"><img decoding="async" class="wp-image-82804" src="https://www.condepoveda.com/wp-content/uploads/2022/11/casa-somnis.jpeg" width="1696" height="1130" alt="" srcset="https://www.condepoveda.com/wp-content/uploads/2022/11/casa-somnis.jpeg 1696w, https://www.condepoveda.com/wp-content/uploads/2022/11/casa-somnis-600x400.jpeg 600w, https://www.condepoveda.com/wp-content/uploads/2022/11/casa-somnis-300x200.jpeg 300w, https://www.condepoveda.com/wp-content/uploads/2022/11/casa-somnis-1024x682.jpeg 1024w, https://www.condepoveda.com/wp-content/uploads/2022/11/casa-somnis-768x512.jpeg 768w, https://www.condepoveda.com/wp-content/uploads/2022/11/casa-somnis-1536x1023.jpeg 1536w" sizes="(max-width: 1696px) 100vw, 1696px" /></div>
					</div>
				</div></div></div></div></div></div></div></div></div></div><script id="script-row-unique-1" data-row="script-row-unique-1" type="text/javascript" class="vc_controls">UNCODE.initRow(document.getElementById("row-unique-1"));</script></div></div></div><div data-parent="true" class="vc_row row-container" id="row-unique-2"><div class="row limit-width row-parent"><div class="wpb_row row-inner"><div class="wpb_column pos-top pos-center align_left column_parent col-lg-12 single-internal-gutter"><div class="uncol style-light"  ><div class="uncoltable"><div class="uncell no-block-padding" ><div class="uncont"><div class="uncode_text_column" ></p>
<h2>&#8220;La casa dels teus somnis&#8221;</h2>
<h3><em>(04/08/22 a l’Eco de Sitges/Ribes)</em></h3>
<p><span style="font-weight: 400;">&#8220;Hem venut la nostra casa de nova construcció a Cambridge per comprar aquesta mansió d&#8217;art noveau espanyola que porta abandonada trenta o quaranta anys i intentar restaurar-la&#8221;. Així comença el vídeovlog a YouTube d&#8217;Oliver i Camilla Strong, uns anglesos nouvinguts a la vila, aficionats a l’art i dedicats al món de la comunicació empresarial, que estan fent les delícies estiuenques dels aficionats com jo als programes de rehabilitacions del canal de televisió Divinity amb noms com <em>La casa de tus sueños</em> o <em>Vívala o véndala</em>.</span></p>
<p><span style="font-weight: 400;">La mansió és ni més ni menys que Can Punxes, la casa modernista ubicada a la cantonada de la Plaça Marcer a Ribes, encarregada per l&#8217;<em>americano</em> Ramon Mestre i Mestres que va regentar del 1900 al 1908 la fàbrica de tabacs La Picota, a Santiago de Cuba. Per cert, la picota era una instal·lació ubicada a una plaça pública destinada a l&#8217;execució d&#8217;esclaus o delinqüents. Aquesta macabra eina consistia en un mall a un forcó enterrat a la plaça, on s&#8217;amarraven els reus per a assotar-los o, si es requeria, col·locar les mans o el cap, per, d&#8217;un tall de destral arrencar-los segons hagués dictat la sentència les autoritats colonials. Al també paisà Manuel Pasqual, que va fundar la fàbrica, li degué semblar un nom divertit.</span></p>
<p><span style="font-weight: 400;">Aquests dies m&#8217;he mirat embadalit els dos capítols que ja han emès del serial (i així he practicat el meu anglès) per descobrir els murals florals i les espectaculars vistes d&#8217;aquesta casa d&#8217;inspiració modernista. L&#8217;Oliver i la Camilla semblen encantadors i, a més, han anunciat la seva intenció de participar de la comunitat i obrir la casa durant la Fira dels Indians. Desitjo que els hi vagi bé i facin bona feina, però, és inevitable veure aquests vídeos sense voler avançar-se al desenllaç amb un bon gir dramàtic com en un d’aquests programes de televisió. Trobaran uralita o tèrmits a la cuina? Descobriran documents comprometedors? Apareixerà l&#8217;alcaldessa saludant per la porta?</span></p>
<p><span style="font-weight: 400;">La meva ment malpensada i juganera s&#8217;ha posat a buscar pistes per anticipar-se a la trama i m&#8217;ha sorprès veure com en totes les imatges en què veiem l&#8217;exterior de l&#8217;edifici gairebé no es reconeix la plaça Marcer, tan sols la cantonada on és la sucursal bancària i la imatge icònica de l&#8217;església nova. I no hi passa ningú! Aquesta història acabarà amb uns estrangers comprant la casa rehabilitada per un ull de la cara pensant que és a una plaça silenciosa? Acabaran denunciant els actes de la Festa Major per sorollosos? Paro ja, perquè no vull ser maliciós i, com deia els nous inquilins de Can Punxes semblen molt respectuosos i coneixedors del patrimoni local i no vull cridar al mal temps i portar mala sort a la seva aventura.</span></p>
<p><span style="font-weight: 400;"> En tot cas, és inevitable pensar en la desnaturalització del patrimoni local i en aquelles ciutats convertides en aparadors i atractius llaminers per a inversionistes estrangers mentres les veïnes i veïns no es poden permetre ni llogar-se un pis al poble. Hi ha qui passa per davant d’aquestes grans mansions que tenim a Ribes i s&#8217;imagina vivint, i d&#8217;altres, que els hagués agradat hereter-la i forrar-se venent-la, i d&#8217;altres, en canvi, fantasiegem en els meravellosos museus, centres culturals, biblioteques o d&#8217;altres equipaments públics en què podrien convertir-se per a benefici de tothom. Amb tot, això tampoc va de locals contra estrangers, el club esportiu i social català més gran i important, el FC Barcelona, el va fundar un suís, en Hans-Max Gamper Haessig, més conegut com a Joan Gamper. I, en canvi, qui ha denunciat la Patum i posat en tela de judici la viabilitat de la festa amb més de 600 anys d&#8217;història ha sigut un senyoret de Berga que va decidir ubicar una residència d&#8217;avis de nova creació on se celebraven els concerts. Què passarà a Ribes? No ho sé, però jo no em penso perdre el pròxim capítol.</span></p>
<p>&nbsp;</p>
</div></div></div></div></div></div><script id="script-row-unique-2" data-row="script-row-unique-2" type="text/javascript" class="vc_controls">UNCODE.initRow(document.getElementById("row-unique-2"));</script></div></div></div>
</div>
