{"id":82792,"date":"2022-10-31T10:06:13","date_gmt":"2022-10-31T10:06:13","guid":{"rendered":"http:\/\/www.condepoveda.com\/?page_id=82792"},"modified":"2022-10-31T10:06:13","modified_gmt":"2022-10-31T10:06:13","slug":"article-un-lloc-al-mon","status":"publish","type":"page","link":"https:\/\/www.condepoveda.com\/es\/article-un-lloc-al-mon\/","title":{"rendered":"ARTICLE: Un lloc al m\u00f3n"},"content":{"rendered":"<div class=\"wpb-content-wrapper\"><div data-parent=\"true\" class=\"vc_row row-container\" id=\"row-unique-0\"><div class=\"row limit-width row-parent\"><div class=\"wpb_row row-inner\"><div class=\"wpb_column pos-top pos-center align_left column_parent col-lg-12 single-internal-gutter\"><div class=\"uncol style-light\"  ><div class=\"uncoltable\"><div class=\"uncell no-block-padding\" ><div class=\"uncont\"><div class=\"vc_custom_heading_wrap\"><div class=\"heading-text el-text\" ><h2 class=\"h2\" ><span>ARTICLE: Un lloc al m\u00f3n<\/span><\/h2><\/div><div class=\"clear\"><\/div><\/div><\/div><\/div><\/div><\/div><\/div><script id=\"script-row-unique-0\" data-row=\"script-row-unique-0\" type=\"text\/javascript\" class=\"vc_controls\">UNCODE.initRow(document.getElementById(\"row-unique-0\"));<\/script><\/div><\/div><\/div><div data-parent=\"true\" class=\"vc_row row-container\" id=\"row-unique-1\"><div class=\"row limit-width row-parent\"><div class=\"wpb_row row-inner\"><div class=\"wpb_column pos-top pos-center align_left column_parent col-lg-12 single-internal-gutter\"><div class=\"uncol style-light\"  ><div class=\"uncoltable\"><div class=\"uncell no-block-padding\" ><div class=\"uncont\"><div class=\"uncode-single-media  text-left\"><div class=\"single-wrapper\" style=\"max-width: 100%;\"><div class=\"tmb tmb-light  tmb-media-first tmb-media-last tmb-content-overlay tmb-no-bg\"><div class=\"t-inside\"><div class=\"t-entry-visual\"><div class=\"t-entry-visual-tc\"><div class=\"uncode-single-media-wrapper\"><img decoding=\"async\" class=\"wp-image-82794\" src=\"https:\/\/www.condepoveda.com\/wp-content\/uploads\/2022\/10\/Captura-de-pantalla-2022-10-31-a-les-10.46.38.png\" width=\"991\" height=\"615\" alt=\"\" srcset=\"https:\/\/www.condepoveda.com\/wp-content\/uploads\/2022\/10\/Captura-de-pantalla-2022-10-31-a-les-10.46.38.png 991w, https:\/\/www.condepoveda.com\/wp-content\/uploads\/2022\/10\/Captura-de-pantalla-2022-10-31-a-les-10.46.38-600x372.png 600w, https:\/\/www.condepoveda.com\/wp-content\/uploads\/2022\/10\/Captura-de-pantalla-2022-10-31-a-les-10.46.38-300x186.png 300w, https:\/\/www.condepoveda.com\/wp-content\/uploads\/2022\/10\/Captura-de-pantalla-2022-10-31-a-les-10.46.38-768x477.png 768w\" sizes=\"(max-width: 991px) 100vw, 991px\" \/><\/div>\n\t\t\t\t\t<\/div>\n\t\t\t\t<\/div><\/div><\/div><\/div><\/div><\/div><\/div><\/div><\/div><\/div><script id=\"script-row-unique-1\" data-row=\"script-row-unique-1\" type=\"text\/javascript\" class=\"vc_controls\">UNCODE.initRow(document.getElementById(\"row-unique-1\"));<\/script><\/div><\/div><\/div><div data-parent=\"true\" class=\"vc_row row-container\" id=\"row-unique-2\"><div class=\"row limit-width row-parent\"><div class=\"wpb_row row-inner\"><div class=\"wpb_column pos-top pos-center align_left column_parent col-lg-12 single-internal-gutter\"><div class=\"uncol style-light\"  ><div class=\"uncoltable\"><div class=\"uncell no-block-padding\" ><div class=\"uncont\"><div class=\"uncode_text_column\" ><\/p>\n<h2>&#8220;Un lloc al m\u00f3n&#8221;<\/h2>\n<h3><em>(04\/02\/22 a l\u2019Eco de Sitges\/Ribes)<\/em><\/h3>\n<p><span style=\"font-weight: 400;\">Diuen els mitjans que la ciutat de Par\u00eds es va despertar escandalitzada fa unes setmanes al saber de la mort al carrer del fot\u00f2graf franc\u00e9s Ren\u00e9 Robert, de 84 anys. L&#8217;artista, c\u00e8lebre pel seu treball retratant amb la seva c\u00e0mera a centenars d&#8217;artistes del flamenc, va morir d&#8217;hipot\u00e8rmia despr\u00e9s de passar-se nou hores estirat a un c\u00e8ntric carrer a causa d&#8217;haver caigut i no poder-se aixecar. Fou &#8220;assassinat per la indifer\u00e8ncia&#8221; va piular el seu amic, el periodista Michel Mompontet. I \u00e9s que l&#8217;home va ser ignorat pels centenars de parisencs, parisenques i turistes que, sens dubte, van haver de passar pel seu costat i el van haver de confondre per una persona sense llar, fet pel qual li hagueren negat l\u2019atenci\u00f3. Potser ni tan sols el van arribar a veure. Casualment, va ser un ve\u00ed de Par\u00eds dels que s\u00ed que dormen al carrer qui va saber veure\u2019l i va alertar al servei d&#8217;emerg\u00e8ncies. Per\u00f2 ja era massa tard.\u00a0<\/span><\/p>\n<p><span style=\"font-weight: 400;\">Segons sembla, si no la mirem, la pobresa deixa d&#8217;existir.\u00a0 \u00c9s com quan, de petits, amag\u00e0vem les desfetes sota l&#8217;estora. I no pretenc alli\u00e7onar ning\u00fa ni venir amb cap moralitat simplista. I \u00e9s que no deixo de pensar que el m\u00e9s probable \u00e9s que jo tamb\u00e9 hagu\u00e9s sigut un dels turistes que miresin cap a un altre cant\u00f3.<\/span><\/p>\n<p><span style=\"font-weight: 400;\">Aquest fet coincideix amb que l&#8217;Assemblea dels Drets Socials del Garraf est\u00e0 preparant una campanya per a demanar un centre d&#8217;atenci\u00f3 i d\u2019acollida a les persones en situaci\u00f3 de sense llar a Vilanova i la Geltr\u00fa, com a capital de comarca. Perqu\u00e8 us feu una idea: l&#8217;any 2020 es van atendre a Vilanova 182 persones en situaci\u00f3 de sense llar dins el programa Medi Obert. De forma oficial, tamb\u00e9 se&#8217;n van censar durant almenys 74 durant la campanya de vacunaci\u00f3. En canvi, la ciutat disposa nom\u00e9s de tres m\u00f2duls on poden dormir un m\u00e0xim de 8 persones, aforament que s&#8217;ha redu\u00eft durant la pand\u00e8mia -d&#8217;acord amb les restriccions- fins a un m\u00e0xim d&#8217;una persona per m\u00f2dul o dues en el cas que siguen una parella convivent. C\u00e0ritas tamb\u00e9 ofereix una resid\u00e8ncia anomenada El Llimoner, d&#8217;un aforament de m\u00e0xim 6 per a persones en situaci\u00f3 d&#8217;exclusi\u00f3 residencial, a les que es fa un acompanyament en el seu proc\u00e9s d&#8217;inclusi\u00f3. A Sant Pere de Ribes, l&#8217;Ajuntament t\u00e9 un acord amb la Resid\u00e8ncia El Red\u00f2s per disposar de fins a dues habitacions espec\u00edfiques per a situacions d&#8217;emerg\u00e8ncia social. I sempre estan ocupades.<\/span><\/p>\n<p><span style=\"font-weight: 400;\">Per\u00f2, encara que sigui sota l\u2019estora -\u00e9s a dir, fora de titulars a la premsa-, no deixen de succeir tr\u00e0gedies al carrer . La setmana passada l&#8217;entitat Ciutadania Sensible va celebrar a la pla\u00e7a Charly Rivel, un comiat per a en Marek, ve\u00ed de Vilanova mort al carrer. Fa dues setmanes que tamb\u00e9 sabem d&#8217;un intent de su\u00efcidi d&#8217;un ve\u00ed en una situaci\u00f3 similar. Arran de la campanya que est\u00e0 organitzant l&#8217;ADS conversava amb un ve\u00ed que hi col\u00b7laborar\u00e0, que est\u00e0 en aquesta mateixa situaci\u00f3 i em deia: <\/span><i><span style=\"font-weight: 400;\">&#8220;Pots passar el dia havent de menjar un entrep\u00e0, per\u00f2 no pots estar sense llar perqu\u00e8 \u00e9s estar desprotegit, et poden atracar, pots agafar una pulmonia o encara pitjor, pots agafar una pneum\u00f2nia arran d&#8217;una tempesta. Un lloc amb sostre i pany et d\u00f3na un lloc al m\u00f3n.\u201d<\/span><\/i><\/p>\n<p><span style=\"font-weight: 400;\">No hi ha transcendit a quin carrer tur\u00edstic ha mort en Ren\u00e9 Robert, per\u00f2 fantasiejo que fou a prop de l&#8217;Arc de Triomphe, amb aquella solemne flama que diuen eterna: la Tombe du Soldat Inconnu (la tomba del soldat desconegut).\u00a0 Un dels monuments m\u00e9s visitats de la ciutat, dedicat al patriotisme b\u00e8l\u00b7lic amb l&#8217;excusa d&#8217;un soldat franc\u00e9s an\u00f2nim, mort al camp de batalla. Igualet que els ve\u00efns i ve\u00efnes an\u00f2nimes que moren cada dia als nostres carrers.<\/span><\/p>\n<p>&nbsp;<\/p>\n<\/div><\/div><\/div><\/div><\/div><\/div><script id=\"script-row-unique-2\" data-row=\"script-row-unique-2\" type=\"text\/javascript\" class=\"vc_controls\">UNCODE.initRow(document.getElementById(\"row-unique-2\"));<\/script><\/div><\/div><\/div>\n<\/div>","protected":false},"excerpt":{"rendered":"ARTICLE: Un lloc al m\u00f3n &#8220;Un lloc al m\u00f3n&#8221; (04\/02\/22 a l\u2019Eco de Sitges\/Ribes) Diuen els mitjans que la ciutat [...]","protected":false},"author":2,"featured_media":0,"parent":0,"menu_order":0,"comment_status":"closed","ping_status":"closed","template":"","meta":{"_exactmetrics_skip_tracking":false,"_exactmetrics_sitenote_active":false,"_exactmetrics_sitenote_note":"","_exactmetrics_sitenote_category":0,"footnotes":""},"class_list":["post-82792","page","type-page","status-publish","hentry"],"_links":{"self":[{"href":"https:\/\/www.condepoveda.com\/es\/wp-json\/wp\/v2\/pages\/82792","targetHints":{"allow":["GET"]}}],"collection":[{"href":"https:\/\/www.condepoveda.com\/es\/wp-json\/wp\/v2\/pages"}],"about":[{"href":"https:\/\/www.condepoveda.com\/es\/wp-json\/wp\/v2\/types\/page"}],"author":[{"embeddable":true,"href":"https:\/\/www.condepoveda.com\/es\/wp-json\/wp\/v2\/users\/2"}],"replies":[{"embeddable":true,"href":"https:\/\/www.condepoveda.com\/es\/wp-json\/wp\/v2\/comments?post=82792"}],"version-history":[{"count":2,"href":"https:\/\/www.condepoveda.com\/es\/wp-json\/wp\/v2\/pages\/82792\/revisions"}],"predecessor-version":[{"id":82795,"href":"https:\/\/www.condepoveda.com\/es\/wp-json\/wp\/v2\/pages\/82792\/revisions\/82795"}],"wp:attachment":[{"href":"https:\/\/www.condepoveda.com\/es\/wp-json\/wp\/v2\/media?parent=82792"}],"curies":[{"name":"wp","href":"https:\/\/api.w.org\/{rel}","templated":true}]}}

ARTICLE: Un lloc al món

<div class="wpb-content-wrapper"><div data-parent="true" class="vc_row row-container" id="row-unique-0"><div class="row limit-width row-parent"><div class="wpb_row row-inner"><div class="wpb_column pos-top pos-center align_left column_parent col-lg-12 single-internal-gutter"><div class="uncol style-light"  ><div class="uncoltable"><div class="uncell no-block-padding" ><div class="uncont"><div class="vc_custom_heading_wrap"><div class="heading-text el-text" ><h2 class="h2" ><span>ARTICLE: Un lloc al món</span></h2></div><div class="clear"></div></div></div></div></div></div></div><script id="script-row-unique-0" data-row="script-row-unique-0" type="text/javascript" class="vc_controls">UNCODE.initRow(document.getElementById("row-unique-0"));</script></div></div></div><div data-parent="true" class="vc_row row-container" id="row-unique-1"><div class="row limit-width row-parent"><div class="wpb_row row-inner"><div class="wpb_column pos-top pos-center align_left column_parent col-lg-12 single-internal-gutter"><div class="uncol style-light"  ><div class="uncoltable"><div class="uncell no-block-padding" ><div class="uncont"><div class="uncode-single-media  text-left"><div class="single-wrapper" style="max-width: 100%;"><div class="tmb tmb-light  tmb-media-first tmb-media-last tmb-content-overlay tmb-no-bg"><div class="t-inside"><div class="t-entry-visual"><div class="t-entry-visual-tc"><div class="uncode-single-media-wrapper"><img decoding="async" class="wp-image-82794" src="https://www.condepoveda.com/wp-content/uploads/2022/10/Captura-de-pantalla-2022-10-31-a-les-10.46.38.png" width="991" height="615" alt="" srcset="https://www.condepoveda.com/wp-content/uploads/2022/10/Captura-de-pantalla-2022-10-31-a-les-10.46.38.png 991w, https://www.condepoveda.com/wp-content/uploads/2022/10/Captura-de-pantalla-2022-10-31-a-les-10.46.38-600x372.png 600w, https://www.condepoveda.com/wp-content/uploads/2022/10/Captura-de-pantalla-2022-10-31-a-les-10.46.38-300x186.png 300w, https://www.condepoveda.com/wp-content/uploads/2022/10/Captura-de-pantalla-2022-10-31-a-les-10.46.38-768x477.png 768w" sizes="(max-width: 991px) 100vw, 991px" /></div>
					</div>
				</div></div></div></div></div></div></div></div></div></div><script id="script-row-unique-1" data-row="script-row-unique-1" type="text/javascript" class="vc_controls">UNCODE.initRow(document.getElementById("row-unique-1"));</script></div></div></div><div data-parent="true" class="vc_row row-container" id="row-unique-2"><div class="row limit-width row-parent"><div class="wpb_row row-inner"><div class="wpb_column pos-top pos-center align_left column_parent col-lg-12 single-internal-gutter"><div class="uncol style-light"  ><div class="uncoltable"><div class="uncell no-block-padding" ><div class="uncont"><div class="uncode_text_column" ></p>
<h2>&#8220;Un lloc al món&#8221;</h2>
<h3><em>(04/02/22 a l’Eco de Sitges/Ribes)</em></h3>
<p><span style="font-weight: 400;">Diuen els mitjans que la ciutat de París es va despertar escandalitzada fa unes setmanes al saber de la mort al carrer del fotògraf francés René Robert, de 84 anys. L&#8217;artista, cèlebre pel seu treball retratant amb la seva càmera a centenars d&#8217;artistes del flamenc, va morir d&#8217;hipotèrmia després de passar-se nou hores estirat a un cèntric carrer a causa d&#8217;haver caigut i no poder-se aixecar. Fou &#8220;assassinat per la indiferència&#8221; va piular el seu amic, el periodista Michel Mompontet. I és que l&#8217;home va ser ignorat pels centenars de parisencs, parisenques i turistes que, sens dubte, van haver de passar pel seu costat i el van haver de confondre per una persona sense llar, fet pel qual li hagueren negat l’atenció. Potser ni tan sols el van arribar a veure. Casualment, va ser un veí de París dels que sí que dormen al carrer qui va saber veure’l i va alertar al servei d&#8217;emergències. Però ja era massa tard. </span></p>
<p><span style="font-weight: 400;">Segons sembla, si no la mirem, la pobresa deixa d&#8217;existir.  És com quan, de petits, amagàvem les desfetes sota l&#8217;estora. I no pretenc alliçonar ningú ni venir amb cap moralitat simplista. I és que no deixo de pensar que el més probable és que jo també hagués sigut un dels turistes que miresin cap a un altre cantó.</span></p>
<p><span style="font-weight: 400;">Aquest fet coincideix amb que l&#8217;Assemblea dels Drets Socials del Garraf està preparant una campanya per a demanar un centre d&#8217;atenció i d’acollida a les persones en situació de sense llar a Vilanova i la Geltrú, com a capital de comarca. Perquè us feu una idea: l&#8217;any 2020 es van atendre a Vilanova 182 persones en situació de sense llar dins el programa Medi Obert. De forma oficial, també se&#8217;n van censar durant almenys 74 durant la campanya de vacunació. En canvi, la ciutat disposa només de tres mòduls on poden dormir un màxim de 8 persones, aforament que s&#8217;ha reduït durant la pandèmia -d&#8217;acord amb les restriccions- fins a un màxim d&#8217;una persona per mòdul o dues en el cas que siguen una parella convivent. Càritas també ofereix una residència anomenada El Llimoner, d&#8217;un aforament de màxim 6 per a persones en situació d&#8217;exclusió residencial, a les que es fa un acompanyament en el seu procés d&#8217;inclusió. A Sant Pere de Ribes, l&#8217;Ajuntament té un acord amb la Residència El Redòs per disposar de fins a dues habitacions específiques per a situacions d&#8217;emergència social. I sempre estan ocupades.</span></p>
<p><span style="font-weight: 400;">Però, encara que sigui sota l’estora -és a dir, fora de titulars a la premsa-, no deixen de succeir tràgedies al carrer . La setmana passada l&#8217;entitat Ciutadania Sensible va celebrar a la plaça Charly Rivel, un comiat per a en Marek, veí de Vilanova mort al carrer. Fa dues setmanes que també sabem d&#8217;un intent de suïcidi d&#8217;un veí en una situació similar. Arran de la campanya que està organitzant l&#8217;ADS conversava amb un veí que hi col·laborarà, que està en aquesta mateixa situació i em deia: </span><i><span style="font-weight: 400;">&#8220;Pots passar el dia havent de menjar un entrepà, però no pots estar sense llar perquè és estar desprotegit, et poden atracar, pots agafar una pulmonia o encara pitjor, pots agafar una pneumònia arran d&#8217;una tempesta. Un lloc amb sostre i pany et dóna un lloc al món.”</span></i></p>
<p><span style="font-weight: 400;">No hi ha transcendit a quin carrer turístic ha mort en René Robert, però fantasiejo que fou a prop de l&#8217;Arc de Triomphe, amb aquella solemne flama que diuen eterna: la Tombe du Soldat Inconnu (la tomba del soldat desconegut).  Un dels monuments més visitats de la ciutat, dedicat al patriotisme bèl·lic amb l&#8217;excusa d&#8217;un soldat francés anònim, mort al camp de batalla. Igualet que els veïns i veïnes anònimes que moren cada dia als nostres carrers.</span></p>
<p>&nbsp;</p>
</div></div></div></div></div></div><script id="script-row-unique-2" data-row="script-row-unique-2" type="text/javascript" class="vc_controls">UNCODE.initRow(document.getElementById("row-unique-2"));</script></div></div></div>
</div>

ARTICLE: Un lloc al món &#8220;Un lloc al món&#8221; (04/02/22 a l’Eco de Sitges/Ribes) Diuen els mitjans que la ciutat [...]
