{"id":82935,"date":"2024-07-11T08:18:35","date_gmt":"2024-07-11T08:18:35","guid":{"rendered":"https:\/\/www.condepoveda.com\/?page_id=82935"},"modified":"2024-07-11T08:18:35","modified_gmt":"2024-07-11T08:18:35","slug":"article-a-lestiu-tota-cuca-viu","status":"publish","type":"page","link":"https:\/\/www.condepoveda.com\/en\/article-a-lestiu-tota-cuca-viu\/","title":{"rendered":"ARTICLE: A l&#8217;estiu, tota cuca viu"},"content":{"rendered":"<div class=\"wpb-content-wrapper\"><div data-parent=\"true\" class=\"vc_row row-container\" id=\"row-unique-0\"><div class=\"row limit-width row-parent\"><div class=\"wpb_row row-inner\"><div class=\"wpb_column pos-top pos-center align_left column_parent col-lg-12 single-internal-gutter\"><div class=\"uncol style-light\"  ><div class=\"uncoltable\"><div class=\"uncell no-block-padding\" ><div class=\"uncont\"><div class=\"uncode_text_column\" ><\/p>\n<div id=\"row-unique-0\" class=\"vc_row row-container\" data-parent=\"true\" data-section=\"0\">\n<div class=\"row limit-width row-parent\" data-imgready=\"true\">\n<div class=\"wpb_row row-inner\">\n<div class=\"wpb_column pos-top pos-center align_left column_parent col-lg-12 single-internal-gutter\">\n<div class=\"uncol style-light\">\n<div class=\"uncoltable\">\n<div class=\"uncell no-block-padding\">\n<div class=\"uncont\">\n<div class=\"vc_custom_heading_wrap\">\n<div class=\"heading-text el-text\">\n<h2>ARTICLE: A l&#8217;estiu, tota cuca viu<\/h2>\n<\/div>\n<div class=\"clear\"><\/div>\n<\/div>\n<\/div>\n<\/div>\n<\/div>\n<\/div>\n<\/div>\n<\/div>\n<\/div>\n<\/div>\n<div id=\"row-unique-1\" class=\"vc_row row-container\" data-parent=\"true\" data-section=\"1\">\n<div class=\"row limit-width row-parent\" data-imgready=\"true\">\n<div class=\"wpb_row row-inner\">\n<div class=\"wpb_column pos-top pos-center align_left column_parent col-lg-12 single-internal-gutter\">\n<div class=\"uncol style-light\">\n<div class=\"uncoltable\">\n<div class=\"uncell no-block-padding\">\n<div class=\"uncont\">\n<div class=\"uncode-single-media text-left\">\n<div class=\"single-wrapper\">\n<div class=\"tmb tmb-light tmb-media-first tmb-media-last tmb-content-overlay tmb-no-bg\">\n<div class=\"t-inside\">\n<div class=\"t-entry-visual\">\n<div class=\"t-entry-visual-tc\">\n<div class=\"uncode-single-media-wrapper\"><\/div>\n<\/div>\n<\/div>\n<\/div>\n<\/div>\n<\/div>\n<\/div>\n<\/div>\n<\/div>\n<\/div>\n<\/div>\n<\/div>\n<\/div>\n<\/div>\n<\/div>\n<p>\n<\/div><div class=\"uncode-single-media  text-left\"><div class=\"single-wrapper\" style=\"max-width: 100%;\"><div class=\"tmb tmb-light  tmb-media-first tmb-media-last tmb-content-overlay tmb-no-bg\"><div class=\"t-inside\"><div class=\"t-entry-visual\"><div class=\"t-entry-visual-tc\"><div class=\"uncode-single-media-wrapper\"><img decoding=\"async\" class=\"wp-image-82937\" src=\"https:\/\/www.condepoveda.com\/wp-content\/uploads\/2024\/07\/Captura-de-pantalla-2024-07-11-a-les-9.54.58.png\" width=\"2006\" height=\"1206\" alt=\"\" srcset=\"https:\/\/www.condepoveda.com\/wp-content\/uploads\/2024\/07\/Captura-de-pantalla-2024-07-11-a-les-9.54.58.png 2006w, https:\/\/www.condepoveda.com\/wp-content\/uploads\/2024\/07\/Captura-de-pantalla-2024-07-11-a-les-9.54.58-600x361.png 600w, https:\/\/www.condepoveda.com\/wp-content\/uploads\/2024\/07\/Captura-de-pantalla-2024-07-11-a-les-9.54.58-300x180.png 300w, https:\/\/www.condepoveda.com\/wp-content\/uploads\/2024\/07\/Captura-de-pantalla-2024-07-11-a-les-9.54.58-1080x649.png 1080w, https:\/\/www.condepoveda.com\/wp-content\/uploads\/2024\/07\/Captura-de-pantalla-2024-07-11-a-les-9.54.58-768x462.png 768w, https:\/\/www.condepoveda.com\/wp-content\/uploads\/2024\/07\/Captura-de-pantalla-2024-07-11-a-les-9.54.58-1536x923.png 1536w, https:\/\/www.condepoveda.com\/wp-content\/uploads\/2024\/07\/Captura-de-pantalla-2024-07-11-a-les-9.54.58-18x12.png 18w, https:\/\/www.condepoveda.com\/wp-content\/uploads\/2024\/07\/Captura-de-pantalla-2024-07-11-a-les-9.54.58-350x210.png 350w\" sizes=\"(max-width: 2006px) 100vw, 2006px\" \/><\/div>\n\t\t\t\t\t<\/div>\n\t\t\t\t<\/div><\/div><\/div><\/div><\/div><\/div><\/div><\/div><\/div><\/div><script id=\"script-row-unique-0\" data-row=\"script-row-unique-0\" type=\"text\/javascript\" class=\"vc_controls\">UNCODE.initRow(document.getElementById(\"row-unique-0\"));<\/script><\/div><\/div><\/div><div data-parent=\"true\" class=\"vc_row row-container\" id=\"row-unique-1\"><div class=\"row limit-width row-parent\"><div class=\"wpb_row row-inner\"><div class=\"wpb_column pos-top pos-center align_left column_parent col-lg-12 single-internal-gutter\"><div class=\"uncol style-light\"  ><div class=\"uncoltable\"><div class=\"uncell no-block-padding\" ><div class=\"uncont\"><div class=\"uncode_text_column\" ><\/p>\n<h1><strong>&#8220;A l&#8217;estiu, tota cuca viu&#8221;<\/strong><\/h1>\n<h3><em>(14\/06\/24 a l&#8217;Eco de Sitges\/Ribes)<\/em><\/h3>\n<p>&nbsp;<\/p>\n<p><span style=\"font-weight: 400;\">Diu el refranyer all\u00f2 de <em>Quan arriba l&#8217;oreneta, l&#8217;estiu ja \u00e9s a la voreta, <\/em>tot i que, si el volem renovar amb una versi\u00f3 m\u00e9s actual, potser haur\u00edem de dir quelcom similar a <em>Si \u00e9s temps de festivals, \u00e9s que l&#8217;estiu ja ha arribat.<\/em> I \u00e9s que les fires i festivals s\u00f3n un fenomen que s&#8217;ha est\u00e8s per tot el litoral i que com les oretenes, tamb\u00e9 ha fet niu a Sant Pere de Ribes.<\/span><\/p>\n<p><span style=\"font-weight: 400;\">Com si fossin el rei \u00c0tila (per\u00f2 amb ulleres de sol i polsereta), els festivals han arrasat amb tot. I, per on passen, no hi torna a cr\u00e9ixer la gespa. El principal problema \u00e9s que aquest fet no es deu a una evoluci\u00f3 natural dels gustos o el consum de la ciutadania (i ja ni pensem en les necessitats dels m\u00fasics i professionals del sector), sin\u00f3 a la l\u00f2gica d&#8217;acumulaci\u00f3 del sistema econ\u00f2mic que ha vingut en massa, seduits pel negoci que suposa l&#8217;anomenat turisme cultural (que t\u00e9 molt m\u00e9s de turisme que de cultural). Tanmateix, a Espanya, cada vegada menys empreses gestionen la major part de grans festivals multitudinaris i la majoria ja tenen fons d\u2019inversi\u00f3 extranger a dins de les societats.<\/span><\/p>\n<p><span style=\"font-weight: 400;\">Aix\u00f2 explica festivals com el Primavera Sound, a Barcelona, en qu\u00e8 cada vegada \u00e9s menys important satisfer el criteri de la poblaci\u00f3 local perqu\u00e8 s\u2019escullen els artistes que es programen a imatge i semblan\u00e7a dels gustos del turista. En tot cas, el que provoca vertigen <\/span><span style=\"font-weight: 400;\">s\u00f3n les bases tan poc sustentables en les que es basa tot aquest nou h\u00e0bitat. Ho pot descobrir de bona m\u00e0 qualsevol que intenta contribuir a la cultura del seu poble i donar un aparador a noves veus, ajuda a impulsar un projecte sense \u00e0nim de lucre, com en el meu cas \u00e9s el Festival Monocicle.<\/span><\/p>\n<p>&nbsp;<\/p>\n<p><span style=\"font-weight: 400;\">Fins i tot en una edici\u00f3 que ha sigut un \u00e8xit rotund, tant per la venda d\u2019entrades, com per la qualitat de les propostes i el grau de satisfacci\u00f3 del p\u00fablic, esfereeix la quantitat de m\u00e0gia que s\u2019ha d\u2019invocar perqu\u00e8 els n\u00fameros surtin. El motiu \u00e9s que tots els preus estan sobredimensionats. I \u00e9s normal. Per exemple, els m\u00fasics s\u2019han convertit en una mena de nous treballadors temporers i es veuen obligats a multiplicar els seus catx\u00e9s per rendibilitzar, durant l\u2019estiu, el que no tenen forma de fer a l\u2019hivern, quan ja no hi ha circuit.<\/span><\/p>\n<p>&nbsp;<\/p>\n<p><span style=\"font-weight: 400;\">Com se sustenta, llavors, tot aquest conglomerat que tenim al pa\u00eds? Un model que nom\u00e9s pot funcionar en aforaments multitudinaris, ingressos extraordinaris de patrocini de grans marques (majorit\u00e0riament, relacionades amb la ind\u00fastria de l&#8217;alcohol) i amb subvencions milion\u00e0ries a mida d&#8217;empreses que es compten amb els dits d&#8217;una m\u00e0 (i que controlen la major part d&#8217;aquest finan\u00e7ament).<\/span><\/p>\n<p>&nbsp;<\/p>\n<p><span style=\"font-weight: 400;\">Per aix\u00f2 t\u00e9 tant de m\u00e8rit tot l&#8217;esfor\u00e7 que hi ha darrere de projectes com el Monocicle dels Xulius, que surten gr\u00e0cies a l&#8217;esfor\u00e7 de centenars de voluntaris i volunt\u00e0ries que s&#8217;hi deixen el temps i la pell perqu\u00e8 s&#8217;estimen el seu poble. Perqu\u00e8 la gent se&#8217;n faci una idea, amb la venda d&#8217;entrades, al Monocicle cobrim tan sols el 20% del cost del Festival. I, per altra banda, amb la subvenci\u00f3 de l&#8217;Ajuntament, un altre 20%.<\/span><\/p>\n<p>&nbsp;<\/p>\n<p><span style=\"font-weight: 400;\"> Com deia, s&#8217;han de fer mans i m\u00e0nigues per aconseguir m\u00e9s ingressos perqu\u00e8 tot rutlli. Per aix\u00f2 em sembla tan poc justificable que, l&#8217;any 2023, l&#8217;Ajuntament invert\u00eds m\u00e9s de 80.000 \u20ac\u00a0 (encara no s\u00f3n p\u00fablics els n\u00fameros d&#8217;aquesta edici\u00f3) en un esdeveniment tan inintel\u00b7ligible, controvertit i amb una idea tan poc clara del que pret\u00e9n com la Fira d&#8217;Indians.<\/span><\/p>\n<p>&nbsp;<\/p>\n<p><span style=\"font-weight: 400;\">En resum i tornant al refranyer, <em>A <\/em><\/span><em><span style=\"font-weight: 400;\">l&#8217;estiu, tota cuca viu.<\/span><\/em><span style=\"font-weight: 400;\"> Aix\u00ed que preparem-nos per si un dia, finalment, arriba l&#8217;hivern.<\/span><\/p>\n<\/div><\/div><\/div><\/div><\/div><\/div><script id=\"script-row-unique-1\" data-row=\"script-row-unique-1\" type=\"text\/javascript\" class=\"vc_controls\">UNCODE.initRow(document.getElementById(\"row-unique-1\"));<\/script><\/div><\/div><\/div>\n<\/div>","protected":false},"excerpt":{"rendered":"ARTICLE: A l&#8217;estiu, tota cuca viu &#8220;A l&#8217;estiu, tota cuca viu&#8221; (14\/06\/24 a l&#8217;Eco de Sitges\/Ribes) &nbsp; Diu el refranyer [...]","protected":false},"author":2,"featured_media":0,"parent":0,"menu_order":0,"comment_status":"closed","ping_status":"closed","template":"","meta":{"_exactmetrics_skip_tracking":false,"_exactmetrics_sitenote_active":false,"_exactmetrics_sitenote_note":"","_exactmetrics_sitenote_category":0,"footnotes":""},"class_list":["post-82935","page","type-page","status-publish","hentry"],"_links":{"self":[{"href":"https:\/\/www.condepoveda.com\/en\/wp-json\/wp\/v2\/pages\/82935","targetHints":{"allow":["GET"]}}],"collection":[{"href":"https:\/\/www.condepoveda.com\/en\/wp-json\/wp\/v2\/pages"}],"about":[{"href":"https:\/\/www.condepoveda.com\/en\/wp-json\/wp\/v2\/types\/page"}],"author":[{"embeddable":true,"href":"https:\/\/www.condepoveda.com\/en\/wp-json\/wp\/v2\/users\/2"}],"replies":[{"embeddable":true,"href":"https:\/\/www.condepoveda.com\/en\/wp-json\/wp\/v2\/comments?post=82935"}],"version-history":[{"count":2,"href":"https:\/\/www.condepoveda.com\/en\/wp-json\/wp\/v2\/pages\/82935\/revisions"}],"predecessor-version":[{"id":82940,"href":"https:\/\/www.condepoveda.com\/en\/wp-json\/wp\/v2\/pages\/82935\/revisions\/82940"}],"wp:attachment":[{"href":"https:\/\/www.condepoveda.com\/en\/wp-json\/wp\/v2\/media?parent=82935"}],"curies":[{"name":"wp","href":"https:\/\/api.w.org\/{rel}","templated":true}]}}

<div class="wpb-content-wrapper"><div data-parent="true" class="vc_row row-container" id="row-unique-0"><div class="row limit-width row-parent"><div class="wpb_row row-inner"><div class="wpb_column pos-top pos-center align_left column_parent col-lg-12 single-internal-gutter"><div class="uncol style-light"  ><div class="uncoltable"><div class="uncell no-block-padding" ><div class="uncont"><div class="uncode_text_column" ></p>
<div id="row-unique-0" class="vc_row row-container" data-parent="true" data-section="0">
<div class="row limit-width row-parent" data-imgready="true">
<div class="wpb_row row-inner">
<div class="wpb_column pos-top pos-center align_left column_parent col-lg-12 single-internal-gutter">
<div class="uncol style-light">
<div class="uncoltable">
<div class="uncell no-block-padding">
<div class="uncont">
<div class="vc_custom_heading_wrap">
<div class="heading-text el-text">
<h2>ARTICLE: A l&#8217;estiu, tota cuca viu</h2>
</div>
<div class="clear"></div>
</div>
</div>
</div>
</div>
</div>
</div>
</div>
</div>
</div>
<div id="row-unique-1" class="vc_row row-container" data-parent="true" data-section="1">
<div class="row limit-width row-parent" data-imgready="true">
<div class="wpb_row row-inner">
<div class="wpb_column pos-top pos-center align_left column_parent col-lg-12 single-internal-gutter">
<div class="uncol style-light">
<div class="uncoltable">
<div class="uncell no-block-padding">
<div class="uncont">
<div class="uncode-single-media text-left">
<div class="single-wrapper">
<div class="tmb tmb-light tmb-media-first tmb-media-last tmb-content-overlay tmb-no-bg">
<div class="t-inside">
<div class="t-entry-visual">
<div class="t-entry-visual-tc">
<div class="uncode-single-media-wrapper"></div>
</div>
</div>
</div>
</div>
</div>
</div>
</div>
</div>
</div>
</div>
</div>
</div>
</div>
</div>
<p>
</div><div class="uncode-single-media  text-left"><div class="single-wrapper" style="max-width: 100%;"><div class="tmb tmb-light  tmb-media-first tmb-media-last tmb-content-overlay tmb-no-bg"><div class="t-inside"><div class="t-entry-visual"><div class="t-entry-visual-tc"><div class="uncode-single-media-wrapper"><img decoding="async" class="wp-image-82937" src="https://www.condepoveda.com/wp-content/uploads/2024/07/Captura-de-pantalla-2024-07-11-a-les-9.54.58.png" width="2006" height="1206" alt="" srcset="https://www.condepoveda.com/wp-content/uploads/2024/07/Captura-de-pantalla-2024-07-11-a-les-9.54.58.png 2006w, https://www.condepoveda.com/wp-content/uploads/2024/07/Captura-de-pantalla-2024-07-11-a-les-9.54.58-600x361.png 600w, https://www.condepoveda.com/wp-content/uploads/2024/07/Captura-de-pantalla-2024-07-11-a-les-9.54.58-300x180.png 300w, https://www.condepoveda.com/wp-content/uploads/2024/07/Captura-de-pantalla-2024-07-11-a-les-9.54.58-1080x649.png 1080w, https://www.condepoveda.com/wp-content/uploads/2024/07/Captura-de-pantalla-2024-07-11-a-les-9.54.58-768x462.png 768w, https://www.condepoveda.com/wp-content/uploads/2024/07/Captura-de-pantalla-2024-07-11-a-les-9.54.58-1536x923.png 1536w, https://www.condepoveda.com/wp-content/uploads/2024/07/Captura-de-pantalla-2024-07-11-a-les-9.54.58-18x12.png 18w, https://www.condepoveda.com/wp-content/uploads/2024/07/Captura-de-pantalla-2024-07-11-a-les-9.54.58-350x210.png 350w" sizes="(max-width: 2006px) 100vw, 2006px" /></div>
					</div>
				</div></div></div></div></div></div></div></div></div></div><script id="script-row-unique-0" data-row="script-row-unique-0" type="text/javascript" class="vc_controls">UNCODE.initRow(document.getElementById("row-unique-0"));</script></div></div></div><div data-parent="true" class="vc_row row-container" id="row-unique-1"><div class="row limit-width row-parent"><div class="wpb_row row-inner"><div class="wpb_column pos-top pos-center align_left column_parent col-lg-12 single-internal-gutter"><div class="uncol style-light"  ><div class="uncoltable"><div class="uncell no-block-padding" ><div class="uncont"><div class="uncode_text_column" ></p>
<h1><strong>&#8220;A l&#8217;estiu, tota cuca viu&#8221;</strong></h1>
<h3><em>(14/06/24 a l&#8217;Eco de Sitges/Ribes)</em></h3>
<p>&nbsp;</p>
<p><span style="font-weight: 400;">Diu el refranyer allò de <em>Quan arriba l&#8217;oreneta, l&#8217;estiu ja és a la voreta, </em>tot i que, si el volem renovar amb una versió més actual, potser hauríem de dir quelcom similar a <em>Si és temps de festivals, és que l&#8217;estiu ja ha arribat.</em> I és que les fires i festivals són un fenomen que s&#8217;ha estès per tot el litoral i que com les oretenes, també ha fet niu a Sant Pere de Ribes.</span></p>
<p><span style="font-weight: 400;">Com si fossin el rei Àtila (però amb ulleres de sol i polsereta), els festivals han arrasat amb tot. I, per on passen, no hi torna a créixer la gespa. El principal problema és que aquest fet no es deu a una evolució natural dels gustos o el consum de la ciutadania (i ja ni pensem en les necessitats dels músics i professionals del sector), sinó a la lògica d&#8217;acumulació del sistema econòmic que ha vingut en massa, seduits pel negoci que suposa l&#8217;anomenat turisme cultural (que té molt més de turisme que de cultural). Tanmateix, a Espanya, cada vegada menys empreses gestionen la major part de grans festivals multitudinaris i la majoria ja tenen fons d’inversió extranger a dins de les societats.</span></p>
<p><span style="font-weight: 400;">Això explica festivals com el Primavera Sound, a Barcelona, en què cada vegada és menys important satisfer el criteri de la població local perquè s’escullen els artistes que es programen a imatge i semblança dels gustos del turista. En tot cas, el que provoca vertigen </span><span style="font-weight: 400;">són les bases tan poc sustentables en les que es basa tot aquest nou hàbitat. Ho pot descobrir de bona mà qualsevol que intenta contribuir a la cultura del seu poble i donar un aparador a noves veus, ajuda a impulsar un projecte sense ànim de lucre, com en el meu cas és el Festival Monocicle.</span></p>
<p>&nbsp;</p>
<p><span style="font-weight: 400;">Fins i tot en una edició que ha sigut un èxit rotund, tant per la venda d’entrades, com per la qualitat de les propostes i el grau de satisfacció del públic, esfereeix la quantitat de màgia que s’ha d’invocar perquè els números surtin. El motiu és que tots els preus estan sobredimensionats. I és normal. Per exemple, els músics s’han convertit en una mena de nous treballadors temporers i es veuen obligats a multiplicar els seus catxés per rendibilitzar, durant l’estiu, el que no tenen forma de fer a l’hivern, quan ja no hi ha circuit.</span></p>
<p>&nbsp;</p>
<p><span style="font-weight: 400;">Com se sustenta, llavors, tot aquest conglomerat que tenim al país? Un model que només pot funcionar en aforaments multitudinaris, ingressos extraordinaris de patrocini de grans marques (majoritàriament, relacionades amb la indústria de l&#8217;alcohol) i amb subvencions milionàries a mida d&#8217;empreses que es compten amb els dits d&#8217;una mà (i que controlen la major part d&#8217;aquest finançament).</span></p>
<p>&nbsp;</p>
<p><span style="font-weight: 400;">Per això té tant de mèrit tot l&#8217;esforç que hi ha darrere de projectes com el Monocicle dels Xulius, que surten gràcies a l&#8217;esforç de centenars de voluntaris i voluntàries que s&#8217;hi deixen el temps i la pell perquè s&#8217;estimen el seu poble. Perquè la gent se&#8217;n faci una idea, amb la venda d&#8217;entrades, al Monocicle cobrim tan sols el 20% del cost del Festival. I, per altra banda, amb la subvenció de l&#8217;Ajuntament, un altre 20%.</span></p>
<p>&nbsp;</p>
<p><span style="font-weight: 400;"> Com deia, s&#8217;han de fer mans i mànigues per aconseguir més ingressos perquè tot rutlli. Per això em sembla tan poc justificable que, l&#8217;any 2023, l&#8217;Ajuntament invertís més de 80.000 €  (encara no són públics els números d&#8217;aquesta edició) en un esdeveniment tan inintel·ligible, controvertit i amb una idea tan poc clara del que pretén com la Fira d&#8217;Indians.</span></p>
<p>&nbsp;</p>
<p><span style="font-weight: 400;">En resum i tornant al refranyer, <em>A </em></span><em><span style="font-weight: 400;">l&#8217;estiu, tota cuca viu.</span></em><span style="font-weight: 400;"> Així que preparem-nos per si un dia, finalment, arriba l&#8217;hivern.</span></p>
</div></div></div></div></div></div><script id="script-row-unique-1" data-row="script-row-unique-1" type="text/javascript" class="vc_controls">UNCODE.initRow(document.getElementById("row-unique-1"));</script></div></div></div>
</div>
