{"id":82821,"date":"2023-02-04T21:08:47","date_gmt":"2023-02-04T21:08:47","guid":{"rendered":"http:\/\/www.condepoveda.com\/?page_id=82821"},"modified":"2023-02-04T21:09:06","modified_gmt":"2023-02-04T21:09:06","slug":"82821-2","status":"publish","type":"page","link":"https:\/\/www.condepoveda.com\/en\/82821-2\/","title":{"rendered":"ARTICLE: \u00c9s un fet: ja som ciutat dormitori"},"content":{"rendered":"<div class=\"wpb-content-wrapper\"><div data-parent=\"true\" class=\"vc_row row-container\" id=\"row-unique-0\"><div class=\"row limit-width row-parent\"><div class=\"wpb_row row-inner\"><div class=\"wpb_column pos-top pos-center align_left column_parent col-lg-12 single-internal-gutter\"><div class=\"uncol style-light\"  ><div class=\"uncoltable\"><div class=\"uncell no-block-padding\" ><div class=\"uncont\"><div class=\"vc_custom_heading_wrap\"><div class=\"heading-text el-text\" ><\/p>\n<h2>ARTICLE: \u00c9s un fet: ja som ciutat dormitori<\/h2>\n<p>\n<\/div><div class=\"clear\"><\/div><\/div><\/div><\/div><\/div><\/div><\/div><script id=\"script-row-unique-0\" data-row=\"script-row-unique-0\" type=\"text\/javascript\" class=\"vc_controls\">UNCODE.initRow(document.getElementById(\"row-unique-0\"));<\/script><\/div><\/div><\/div><div data-parent=\"true\" class=\"vc_row row-container\" id=\"row-unique-1\"><div class=\"row limit-width row-parent\"><div class=\"wpb_row row-inner\"><div class=\"wpb_column pos-top pos-center align_left column_parent col-lg-12 single-internal-gutter\"><div class=\"uncol style-light\"  ><div class=\"uncoltable\"><div class=\"uncell no-block-padding\" ><div class=\"uncont\"><div class=\"uncode-single-media  text-left\"><div class=\"single-wrapper\" style=\"max-width: 100%;\"><div class=\"tmb tmb-light  tmb-media-first tmb-media-last tmb-content-overlay tmb-no-bg\"><div class=\"t-inside\"><div class=\"t-entry-visual\"><div class=\"t-entry-visual-tc\"><div class=\"uncode-single-media-wrapper\"><img decoding=\"async\" class=\"wp-image-82822\" src=\"https:\/\/www.condepoveda.com\/wp-content\/uploads\/2023\/02\/Captura-de-pantalla-2023-02-03-a-les-10.25.22.png\" width=\"1592\" height=\"1004\" alt=\"\" srcset=\"https:\/\/www.condepoveda.com\/wp-content\/uploads\/2023\/02\/Captura-de-pantalla-2023-02-03-a-les-10.25.22.png 1592w, https:\/\/www.condepoveda.com\/wp-content\/uploads\/2023\/02\/Captura-de-pantalla-2023-02-03-a-les-10.25.22-600x378.png 600w, https:\/\/www.condepoveda.com\/wp-content\/uploads\/2023\/02\/Captura-de-pantalla-2023-02-03-a-les-10.25.22-300x189.png 300w, https:\/\/www.condepoveda.com\/wp-content\/uploads\/2023\/02\/Captura-de-pantalla-2023-02-03-a-les-10.25.22-1024x646.png 1024w, https:\/\/www.condepoveda.com\/wp-content\/uploads\/2023\/02\/Captura-de-pantalla-2023-02-03-a-les-10.25.22-768x484.png 768w, https:\/\/www.condepoveda.com\/wp-content\/uploads\/2023\/02\/Captura-de-pantalla-2023-02-03-a-les-10.25.22-1536x969.png 1536w\" sizes=\"(max-width: 1592px) 100vw, 1592px\" \/><\/div>\n\t\t\t\t\t<\/div>\n\t\t\t\t<\/div><\/div><\/div><\/div><\/div><\/div><\/div><\/div><\/div><\/div><script id=\"script-row-unique-1\" data-row=\"script-row-unique-1\" type=\"text\/javascript\" class=\"vc_controls\">UNCODE.initRow(document.getElementById(\"row-unique-1\"));<\/script><\/div><\/div><\/div><div data-parent=\"true\" class=\"vc_row row-container\" id=\"row-unique-2\"><div class=\"row limit-width row-parent\"><div class=\"wpb_row row-inner\"><div class=\"wpb_column pos-top pos-center align_left column_parent col-lg-12 single-internal-gutter\"><div class=\"uncol style-light\"  ><div class=\"uncoltable\"><div class=\"uncell no-block-padding\" ><div class=\"uncont\"><div class=\"uncode_text_column\" ><\/p>\n<h2>&#8220;\u00c9s un fet: ja som ciutat dormitori&#8221;<\/h2>\n<h3><em>(02\/02\/23 a l\u2019Eco de Sitges\/Ribes)<\/em><\/h3>\n<p><span style=\"font-weight: 400;\">Ja es poden consultar les dades p\u00fabliques de cotitzacions i afiliacions a la Seguretat Social del darrer any i les conclusions s\u00f3n contundents.\u00a0<\/span><span style=\"font-weight: 400;\">Segons he pogut estudiar, en nom\u00e9s una d\u00e8cada, Sant Pere de Ribes ha passat de tenir, l&#8217;any 2012, un 40% (que ja \u00e9s rid\u00edcul) de persones treballant al mateix lloc on resideixen a nom\u00e9s un 28% el passat 2022. \u00c9s a dir: m\u00e9s del 70% de persones que treballen en r\u00e8gim general d\u2019assalariat ho fan fora del seu municipi.<\/span><\/p>\n<p><span style=\"font-weight: 400;\">Aquesta diagnosi, que ja de per si \u00e9s terrible, empitjora quan la compares amb la situaci\u00f3 d&#8217;altres municipis. Jo n&#8217;he revisat la vintena amb quantitat de poblaci\u00f3 m\u00e9s semblant a la nostra i nom\u00e9s n&#8217;he trobat un &#8211; Premi\u00e0 de Mar- amb uns resultats equiparables. <\/span><span style=\"font-weight: 400;\">Per\u00f2 hi ha una difer\u00e8ncia molt significativa amb la ciutat del Maresme: all\u00e0 se&#8217;n parla obertament del concepte <em>ciutat dormitori<\/em> i ja fa anys que la ciutadania i el conjunt de partits pol\u00edtics es pronuncien clarament sobre el model que volen per a la seva ciutat. En canvi, sigui per automatisme, per resignaci\u00f3 o per manca d&#8217;estrat\u00e8gia, aqu\u00ed no es posa aquest debat sobre la taula o, almenys, no amb la riquesa i profunditat que mereix.<\/span><\/p>\n<p><span style=\"font-weight: 400;\">La marxa d&#8217;empreses de la rambla del Garraf i el daltabaix total al Mercat de la S\u00ednia, fruit tamb\u00e9 de la marxa del Mercadona, obliguen a no ajornar m\u00e9s aquesta reflexi\u00f3 per tal que puguem con\u00e8ixer les opinions i les propostes de tothom que se n&#8217;hauria d&#8217;ocupar. Perqu\u00e8 qui em llegeixi es faci una idea: en menys d&#8217;un mes, han tancat la persiana quatre establiments. \u00c9s a dir, el 40% del total de parades del mercat. A m\u00e9s, la resta de parades actives comenten que els seus ingressos s&#8217;han redu\u00eft vora un 70%. <\/span><\/p>\n<p><span style=\"font-weight: 400;\">Per a pal\u00b7liar-ho (que no solucionar-ho), el Govern municipal es va treure de la m\u00e0niga els S\u00edniaBons, una mesura que, quan jo era regidor, ja hav\u00edem plantejat fins i tot en el programa electoral. I mai se&#8217;ns va fer cas, ni es va estudiar seriosament. Ara, per culpa del poc temps d&#8217;organitzaci\u00f3, derivat de no haver fet les coses quan tocaven, els seus resultats han sigut decebedors. A m\u00e9s, a les p\u00e0gines de l&#8217;<em>Eco<\/em>, l&#8217;alcaldessa va confessar que encara no tenen tancat cap acord amb cap superf\u00edcie que substitueix l&#8217;anterior operador (encara que es parli de Dia) i que, com a molt aviat, podria arribar el proper mes d&#8217;abril. Per aleshores, \u00e9s possible que el futur de l&#8217;equipament &#8211; i, fonamentalment, de les parades encara en actiu, sigui molt negre.\u00a0<\/span><\/p>\n<p><span style=\"font-weight: 400;\">Evidentment, hem arribat fins aquestes dades tan exagerades per culpa del model de desenvolupament urban\u00edstic i econ\u00f2mic impulsat per aquest i els anteriors governs municipals, sense que aquests hagin sigut posats en q\u00fcesti\u00f3 com tocava. A part de poc sostenible, el present fonamentalment residencial de Ribes i Les Roquetes \u00e9s una llosa per les ve\u00efnes i ve\u00efns que veuen minvada la seva qualitat de vida amb el temps que di\u00e0riament han d&#8217;invertir en els seus despla\u00e7aments cap a altres indrets. A m\u00e9s, hipoteca el futur del municipi i ens condemna a un teixit econ\u00f2mic, social i cultural desarrelat del poble. En llocs on urban\u00edsticament es concentren habitatges de pitjor qualitat, com a Les Roquetes, pot evolucionar en l&#8217;aparici\u00f3 de suburbis. A m\u00e9s, les ciutats dormitoris desenvolupen un comer\u00e7 de molt baixa especialitzaci\u00f3, ja que les persones residents demanden principalment productes de conveni\u00e8ncia i d&#8217;\u00fas m\u00e9s intensiu o b\u00e9 d&#8217;emerg\u00e8ncia. Per altra banda, dificulta el desenvolupament ple de les persones i l&#8217;aposta estrat\u00e8gica en altres sectors econ\u00f2mics com el primari o el secundari, d&#8217;alt valor afegit.<\/span><\/p>\n<p><span style=\"font-weight: 400;\">Per tant, ara que v\u00e9nen eleccions locals, crec que la ciutadania que no ens conformem amb aquest futur i que aspirem a una vida plena al nostre poble hem d&#8217;obliguar que se&#8217;n parli. Que es posin sobre la taula propostes concretes i un full de ruta per omplir de vida i d&#8217;oportunitats els nostres pobles.<\/span><\/p>\n<p>\n<\/div><\/div><\/div><\/div><\/div><\/div><script id=\"script-row-unique-2\" data-row=\"script-row-unique-2\" type=\"text\/javascript\" class=\"vc_controls\">UNCODE.initRow(document.getElementById(\"row-unique-2\"));<\/script><\/div><\/div><\/div>\n<\/div>","protected":false},"excerpt":{"rendered":"ARTICLE: \u00c9s un fet: ja som ciutat dormitori &#8220;\u00c9s un fet: ja som ciutat dormitori&#8221; (02\/02\/23 a l\u2019Eco de Sitges\/Ribes) [...]","protected":false},"author":2,"featured_media":0,"parent":0,"menu_order":0,"comment_status":"closed","ping_status":"closed","template":"","meta":{"_exactmetrics_skip_tracking":false,"_exactmetrics_sitenote_active":false,"_exactmetrics_sitenote_note":"","_exactmetrics_sitenote_category":0,"footnotes":""},"class_list":["post-82821","page","type-page","status-publish","hentry"],"_links":{"self":[{"href":"https:\/\/www.condepoveda.com\/en\/wp-json\/wp\/v2\/pages\/82821","targetHints":{"allow":["GET"]}}],"collection":[{"href":"https:\/\/www.condepoveda.com\/en\/wp-json\/wp\/v2\/pages"}],"about":[{"href":"https:\/\/www.condepoveda.com\/en\/wp-json\/wp\/v2\/types\/page"}],"author":[{"embeddable":true,"href":"https:\/\/www.condepoveda.com\/en\/wp-json\/wp\/v2\/users\/2"}],"replies":[{"embeddable":true,"href":"https:\/\/www.condepoveda.com\/en\/wp-json\/wp\/v2\/comments?post=82821"}],"version-history":[{"count":3,"href":"https:\/\/www.condepoveda.com\/en\/wp-json\/wp\/v2\/pages\/82821\/revisions"}],"predecessor-version":[{"id":82825,"href":"https:\/\/www.condepoveda.com\/en\/wp-json\/wp\/v2\/pages\/82821\/revisions\/82825"}],"wp:attachment":[{"href":"https:\/\/www.condepoveda.com\/en\/wp-json\/wp\/v2\/media?parent=82821"}],"curies":[{"name":"wp","href":"https:\/\/api.w.org\/{rel}","templated":true}]}}

ARTICLE: És un fet: ja som ciutat dormitori

<div class="wpb-content-wrapper"><div data-parent="true" class="vc_row row-container" id="row-unique-0"><div class="row limit-width row-parent"><div class="wpb_row row-inner"><div class="wpb_column pos-top pos-center align_left column_parent col-lg-12 single-internal-gutter"><div class="uncol style-light"  ><div class="uncoltable"><div class="uncell no-block-padding" ><div class="uncont"><div class="vc_custom_heading_wrap"><div class="heading-text el-text" ></p>
<h2>ARTICLE: És un fet: ja som ciutat dormitori</h2>
<p>
</div><div class="clear"></div></div></div></div></div></div></div><script id="script-row-unique-0" data-row="script-row-unique-0" type="text/javascript" class="vc_controls">UNCODE.initRow(document.getElementById("row-unique-0"));</script></div></div></div><div data-parent="true" class="vc_row row-container" id="row-unique-1"><div class="row limit-width row-parent"><div class="wpb_row row-inner"><div class="wpb_column pos-top pos-center align_left column_parent col-lg-12 single-internal-gutter"><div class="uncol style-light"  ><div class="uncoltable"><div class="uncell no-block-padding" ><div class="uncont"><div class="uncode-single-media  text-left"><div class="single-wrapper" style="max-width: 100%;"><div class="tmb tmb-light  tmb-media-first tmb-media-last tmb-content-overlay tmb-no-bg"><div class="t-inside"><div class="t-entry-visual"><div class="t-entry-visual-tc"><div class="uncode-single-media-wrapper"><img decoding="async" class="wp-image-82822" src="https://www.condepoveda.com/wp-content/uploads/2023/02/Captura-de-pantalla-2023-02-03-a-les-10.25.22.png" width="1592" height="1004" alt="" srcset="https://www.condepoveda.com/wp-content/uploads/2023/02/Captura-de-pantalla-2023-02-03-a-les-10.25.22.png 1592w, https://www.condepoveda.com/wp-content/uploads/2023/02/Captura-de-pantalla-2023-02-03-a-les-10.25.22-600x378.png 600w, https://www.condepoveda.com/wp-content/uploads/2023/02/Captura-de-pantalla-2023-02-03-a-les-10.25.22-300x189.png 300w, https://www.condepoveda.com/wp-content/uploads/2023/02/Captura-de-pantalla-2023-02-03-a-les-10.25.22-1024x646.png 1024w, https://www.condepoveda.com/wp-content/uploads/2023/02/Captura-de-pantalla-2023-02-03-a-les-10.25.22-768x484.png 768w, https://www.condepoveda.com/wp-content/uploads/2023/02/Captura-de-pantalla-2023-02-03-a-les-10.25.22-1536x969.png 1536w" sizes="(max-width: 1592px) 100vw, 1592px" /></div>
					</div>
				</div></div></div></div></div></div></div></div></div></div><script id="script-row-unique-1" data-row="script-row-unique-1" type="text/javascript" class="vc_controls">UNCODE.initRow(document.getElementById("row-unique-1"));</script></div></div></div><div data-parent="true" class="vc_row row-container" id="row-unique-2"><div class="row limit-width row-parent"><div class="wpb_row row-inner"><div class="wpb_column pos-top pos-center align_left column_parent col-lg-12 single-internal-gutter"><div class="uncol style-light"  ><div class="uncoltable"><div class="uncell no-block-padding" ><div class="uncont"><div class="uncode_text_column" ></p>
<h2>&#8220;És un fet: ja som ciutat dormitori&#8221;</h2>
<h3><em>(02/02/23 a l’Eco de Sitges/Ribes)</em></h3>
<p><span style="font-weight: 400;">Ja es poden consultar les dades públiques de cotitzacions i afiliacions a la Seguretat Social del darrer any i les conclusions són contundents. </span><span style="font-weight: 400;">Segons he pogut estudiar, en només una dècada, Sant Pere de Ribes ha passat de tenir, l&#8217;any 2012, un 40% (que ja és ridícul) de persones treballant al mateix lloc on resideixen a només un 28% el passat 2022. És a dir: més del 70% de persones que treballen en règim general d’assalariat ho fan fora del seu municipi.</span></p>
<p><span style="font-weight: 400;">Aquesta diagnosi, que ja de per si és terrible, empitjora quan la compares amb la situació d&#8217;altres municipis. Jo n&#8217;he revisat la vintena amb quantitat de població més semblant a la nostra i només n&#8217;he trobat un &#8211; Premià de Mar- amb uns resultats equiparables. </span><span style="font-weight: 400;">Però hi ha una diferència molt significativa amb la ciutat del Maresme: allà se&#8217;n parla obertament del concepte <em>ciutat dormitori</em> i ja fa anys que la ciutadania i el conjunt de partits polítics es pronuncien clarament sobre el model que volen per a la seva ciutat. En canvi, sigui per automatisme, per resignació o per manca d&#8217;estratègia, aquí no es posa aquest debat sobre la taula o, almenys, no amb la riquesa i profunditat que mereix.</span></p>
<p><span style="font-weight: 400;">La marxa d&#8217;empreses de la rambla del Garraf i el daltabaix total al Mercat de la Sínia, fruit també de la marxa del Mercadona, obliguen a no ajornar més aquesta reflexió per tal que puguem conèixer les opinions i les propostes de tothom que se n&#8217;hauria d&#8217;ocupar. Perquè qui em llegeixi es faci una idea: en menys d&#8217;un mes, han tancat la persiana quatre establiments. És a dir, el 40% del total de parades del mercat. A més, la resta de parades actives comenten que els seus ingressos s&#8217;han reduït vora un 70%. </span></p>
<p><span style="font-weight: 400;">Per a pal·liar-ho (que no solucionar-ho), el Govern municipal es va treure de la màniga els SíniaBons, una mesura que, quan jo era regidor, ja havíem plantejat fins i tot en el programa electoral. I mai se&#8217;ns va fer cas, ni es va estudiar seriosament. Ara, per culpa del poc temps d&#8217;organització, derivat de no haver fet les coses quan tocaven, els seus resultats han sigut decebedors. A més, a les pàgines de l&#8217;<em>Eco</em>, l&#8217;alcaldessa va confessar que encara no tenen tancat cap acord amb cap superfície que substitueix l&#8217;anterior operador (encara que es parli de Dia) i que, com a molt aviat, podria arribar el proper mes d&#8217;abril. Per aleshores, és possible que el futur de l&#8217;equipament &#8211; i, fonamentalment, de les parades encara en actiu, sigui molt negre. </span></p>
<p><span style="font-weight: 400;">Evidentment, hem arribat fins aquestes dades tan exagerades per culpa del model de desenvolupament urbanístic i econòmic impulsat per aquest i els anteriors governs municipals, sense que aquests hagin sigut posats en qüestió com tocava. A part de poc sostenible, el present fonamentalment residencial de Ribes i Les Roquetes és una llosa per les veïnes i veïns que veuen minvada la seva qualitat de vida amb el temps que diàriament han d&#8217;invertir en els seus desplaçaments cap a altres indrets. A més, hipoteca el futur del municipi i ens condemna a un teixit econòmic, social i cultural desarrelat del poble. En llocs on urbanísticament es concentren habitatges de pitjor qualitat, com a Les Roquetes, pot evolucionar en l&#8217;aparició de suburbis. A més, les ciutats dormitoris desenvolupen un comerç de molt baixa especialització, ja que les persones residents demanden principalment productes de conveniència i d&#8217;ús més intensiu o bé d&#8217;emergència. Per altra banda, dificulta el desenvolupament ple de les persones i l&#8217;aposta estratègica en altres sectors econòmics com el primari o el secundari, d&#8217;alt valor afegit.</span></p>
<p><span style="font-weight: 400;">Per tant, ara que vénen eleccions locals, crec que la ciutadania que no ens conformem amb aquest futur i que aspirem a una vida plena al nostre poble hem d&#8217;obliguar que se&#8217;n parli. Que es posin sobre la taula propostes concretes i un full de ruta per omplir de vida i d&#8217;oportunitats els nostres pobles.</span></p>
<p>
</div></div></div></div></div></div><script id="script-row-unique-2" data-row="script-row-unique-2" type="text/javascript" class="vc_controls">UNCODE.initRow(document.getElementById("row-unique-2"));</script></div></div></div>
</div>

ARTICLE: És un fet: ja som ciutat dormitori &#8220;És un fet: ja som ciutat dormitori&#8221; (02/02/23 a l’Eco de Sitges/Ribes) [...]
