{"id":82808,"date":"2022-11-06T12:54:21","date_gmt":"2022-11-06T12:54:21","guid":{"rendered":"http:\/\/www.condepoveda.com\/?page_id=82808"},"modified":"2023-06-07T09:03:56","modified_gmt":"2023-06-07T09:03:56","slug":"article-a-contrarellotge-contra-la-desmemoria","status":"publish","type":"page","link":"https:\/\/www.condepoveda.com\/en\/article-a-contrarellotge-contra-la-desmemoria\/","title":{"rendered":"ARTICLE: A contrarellotge contra la desmem\u00f2ria"},"content":{"rendered":"<div class=\"wpb-content-wrapper\"><div data-parent=\"true\" class=\"vc_row row-container\" id=\"row-unique-0\"><div class=\"row limit-width row-parent\"><div class=\"wpb_row row-inner\"><div class=\"wpb_column pos-top pos-center align_left column_parent col-lg-12 single-internal-gutter\"><div class=\"uncol style-light\"  ><div class=\"uncoltable\"><div class=\"uncell no-block-padding\" ><div class=\"uncont\"><div class=\"vc_custom_heading_wrap\"><div class=\"heading-text el-text\" ><\/p>\n<h2>ARTICLE: A contrarellotge contra la desmem\u00f2ria<\/h2>\n<p>\n<\/div><div class=\"clear\"><\/div><\/div><\/div><\/div><\/div><\/div><\/div><script id=\"script-row-unique-0\" data-row=\"script-row-unique-0\" type=\"text\/javascript\" class=\"vc_controls\">UNCODE.initRow(document.getElementById(\"row-unique-0\"));<\/script><\/div><\/div><\/div><div data-parent=\"true\" class=\"vc_row row-container\" id=\"row-unique-1\"><div class=\"row limit-width row-parent\"><div class=\"wpb_row row-inner\"><div class=\"wpb_column pos-top pos-center align_left column_parent col-lg-12 single-internal-gutter\"><div class=\"uncol style-light\"  ><div class=\"uncoltable\"><div class=\"uncell no-block-padding\" ><div class=\"uncont\"><div class=\"uncode-single-media  text-left\"><div class=\"single-wrapper\" style=\"max-width: 100%;\"><div class=\"tmb tmb-light  tmb-media-first tmb-media-last tmb-content-overlay tmb-no-bg\"><div class=\"t-inside\"><div class=\"t-entry-visual\"><div class=\"t-entry-visual-tc\"><div class=\"uncode-single-media-wrapper\"><img decoding=\"async\" class=\"wp-image-82809\" src=\"https:\/\/www.condepoveda.com\/wp-content\/uploads\/2022\/11\/Captura-de-pantalla-2022-11-06-a-les-13.40.59.png\" width=\"1760\" height=\"1158\" alt=\"\" srcset=\"https:\/\/www.condepoveda.com\/wp-content\/uploads\/2022\/11\/Captura-de-pantalla-2022-11-06-a-les-13.40.59.png 1760w, https:\/\/www.condepoveda.com\/wp-content\/uploads\/2022\/11\/Captura-de-pantalla-2022-11-06-a-les-13.40.59-600x395.png 600w, https:\/\/www.condepoveda.com\/wp-content\/uploads\/2022\/11\/Captura-de-pantalla-2022-11-06-a-les-13.40.59-300x197.png 300w, https:\/\/www.condepoveda.com\/wp-content\/uploads\/2022\/11\/Captura-de-pantalla-2022-11-06-a-les-13.40.59-1024x674.png 1024w, https:\/\/www.condepoveda.com\/wp-content\/uploads\/2022\/11\/Captura-de-pantalla-2022-11-06-a-les-13.40.59-768x505.png 768w, https:\/\/www.condepoveda.com\/wp-content\/uploads\/2022\/11\/Captura-de-pantalla-2022-11-06-a-les-13.40.59-1536x1011.png 1536w\" sizes=\"(max-width: 1760px) 100vw, 1760px\" \/><\/div>\n\t\t\t\t\t<\/div>\n\t\t\t\t<\/div><\/div><\/div><\/div><\/div><\/div><\/div><\/div><\/div><\/div><script id=\"script-row-unique-1\" data-row=\"script-row-unique-1\" type=\"text\/javascript\" class=\"vc_controls\">UNCODE.initRow(document.getElementById(\"row-unique-1\"));<\/script><\/div><\/div><\/div><div data-parent=\"true\" class=\"vc_row row-container\" id=\"row-unique-2\"><div class=\"row limit-width row-parent\"><div class=\"wpb_row row-inner\"><div class=\"wpb_column pos-top pos-center align_left column_parent col-lg-12 single-internal-gutter\"><div class=\"uncol style-light\"  ><div class=\"uncoltable\"><div class=\"uncell no-block-padding\" ><div class=\"uncont\"><div class=\"uncode_text_column\" ><\/p>\n<h2>&#8220;A contrarellotge contra la desmem\u00f2ria&#8221;<\/h2>\n<h3><em>(28\/10\/22 a l\u2019Eco de Sitges\/Ribes)<\/em><\/h3>\n<p><span style=\"font-weight: 400;\">Encara em faig creus del que hem viscut la darrera setmana. A Irene Est\u00e9vez la conec de quan jo encara era regidor i ens va enviar a tots els grups municipals (i tamb\u00e9 a Alcaldia) un mail explicant-nos la investigaci\u00f3 que estava fent de l\u2019antic Hospital de Carrabiners de Mas Solers. Ens hi vam interessar de ple i, posteriorment, vam poder llegir el resultat a les p\u00e0gines de l\u2019Eco, on detallava les seves troballes. Aix\u00ed que vam aprofitar per organitzar una xerrada on la qual la vam convidar perqu\u00e8 expliqu\u00e8s la seva recerca.\u00a0<\/span><\/p>\n<p><span style=\"font-weight: 400;\">Arran d\u2019aix\u00f2, fa poques setmanes, em va explicar que l\u2019Ajuntament continuava sense fer-li cas i que havia donat amb la investigaci\u00f3 d\u2019en Josep-Llu\u00eds Palacios sobre la fossa comuna del cementiri de Ribes amb dinou soldats republicans. &#8220;Com pot ser que no hi hagi, ni que sigui, una placa conmemorativa amb els seus noms?&#8221; em va preguntar.\u00a0 Ens vam posar mans a la feina i el cert \u00e9s que, al revisar la documentaci\u00f3, no podia sortir de la meva estupefacci\u00f3. Resulta que, des del 2002, era p\u00fablic un llistat de noms i cognoms dels soldats que inclo\u00efa la brigada on van servir, l\u2019edat que tenien i el poble d\u2019on eren originaris. No entenia res. Memorials propers com el de Vilanova -amb la mateixa quantitat de soldats i molta menys informaci\u00f3 dels soldats- o el d\u2019El Vendrell es van fer el 2014. Perqu\u00e8 no s\u2019ha fet res, aqu\u00ed? I el que m\u2019era m\u00e9s xocant cada cop que rellegia els noms: ning\u00fa ha avisat a les seves famil\u00edes?\u00a0<\/span><\/p>\n<p><span style=\"font-weight: 400;\">La iniciativa va comen\u00e7ar com un repte: \u00e9rem capa\u00e7os de demostrar que amb una mica d\u2019esfor\u00e7 l\u2019Ajuntament hagu\u00e9s pogut fer aquesta feina? I els resultats van ser aclaparadors: concentrant-nos nom\u00e9s amb els cinc soldats dels pobles m\u00e9s petits, en quatre dies vam localitzar als familiars de dos d\u2019ells. Les seves hist\u00f2ries ens van capbussar en una emoci\u00f3 que t\u2019arrapa. Encara tinc la pell de gallina quan recordo que el primer familiar de F\u00e9lix D\u00edaz Bajo que vam localitzar ens va dir que li havien posat el seu nom en homenatge a \u201cun tiet que va morir\u201d a la guerra. O quan els n\u00e9ts <\/span><span style=\"font-weight: 400;\">d\u2019Alejandro Vi\u00f1uales<\/span><span style=\"font-weight: 400;\"> ens van explicar com de conmocionada estava la seva \u00e0via -ja molt gran- en saber que finalment podria enterrar el seu pare amb la seva mare al seu poble natal.<\/span><\/p>\n<p><span style=\"font-weight: 400;\">Tamb\u00e9 ens va colpir la hist\u00f2ria de la Catalina D\u00edaz Bajo, germana d\u2019en F\u00e8lix i que fou secretaria de la JSU, de Socorro Rojo Internacional i de Mujeres Antifascistas. Repressaliada, va passar per multiples pressons com la de Pozoblanco i la Modelo a Barcelona, i l&#8217;obligaren a fer un &#8220;paseo&#8221; de c\u00e0stig al seu poble. Ens afirmen que, fins que va morir va intentar sense \u00e8xit localitzar el cos del seu germ\u00e0. Parlant amb els familiars catalans d&#8217;en F\u00e8lix, vam descobrir que la recerca mai va terminar i que fa poc van trobar els certificats de defunci\u00f3, per\u00f2 que no entenien les direccions. I \u00e9s que en alguns documents hi posa &#8220;Hospital de Solers en Villanueva i la Geltr\u00fa&#8221; o &#8220;Ribes del Pened\u00e9s&#8221; (denominaci\u00f3 del municipi durant la Rep\u00fablica). Una topon\u00edmia de l\u2019\u00e8poca, molt cr\u00edptica i confosa si no ets d&#8217;aqu\u00ed.<\/span><\/p>\n<p>La desmem\u00f2ria del r\u00e8gim feixista, va significar l&#8217;oblit i desaparici\u00f3 for\u00e7ada<span style=\"font-weight: 400;\"> de desenes de milers de persones que defensaven la legitimitat de la democr\u00e0cia republicana. I s&#8217;estima que va resultar en m\u00e9s de 140mil persones desaparegudes. La seva recerca i dignificaci\u00f3 \u00e9s una obligaci\u00f3 moral recollida a la Llei de Mem\u00f2ria Democr\u00e0tica i no hi ha cap excusa que justifiqui que un Ajuntament no envi\u00ef un senzill correu electr\u00f2nic a un altre Ajuntament notificant-li que s&#8217;han descobert la ubicaci\u00f3 de les restes d&#8217;un ve\u00ed del seu poble al nostre municipi. Ara es tracta d&#8217;una cursa a contrarellotge, ja que encara hi ha familiars directes vius molt grans, com la filla de l&#8217;Alejandro: Els hi debem.<\/span><\/p>\n<p>\n<\/div><\/div><\/div><\/div><\/div><\/div><script id=\"script-row-unique-2\" data-row=\"script-row-unique-2\" type=\"text\/javascript\" class=\"vc_controls\">UNCODE.initRow(document.getElementById(\"row-unique-2\"));<\/script><\/div><\/div><\/div>\n<\/div>","protected":false},"excerpt":{"rendered":"ARTICLE: A contrarellotge contra la desmem\u00f2ria &#8220;A contrarellotge contra la desmem\u00f2ria&#8221; (28\/10\/22 a l\u2019Eco de Sitges\/Ribes) Encara em faig creus [...]","protected":false},"author":2,"featured_media":0,"parent":0,"menu_order":0,"comment_status":"closed","ping_status":"closed","template":"","meta":{"_exactmetrics_skip_tracking":false,"_exactmetrics_sitenote_active":false,"_exactmetrics_sitenote_note":"","_exactmetrics_sitenote_category":0,"footnotes":""},"class_list":["post-82808","page","type-page","status-publish","hentry"],"_links":{"self":[{"href":"https:\/\/www.condepoveda.com\/en\/wp-json\/wp\/v2\/pages\/82808","targetHints":{"allow":["GET"]}}],"collection":[{"href":"https:\/\/www.condepoveda.com\/en\/wp-json\/wp\/v2\/pages"}],"about":[{"href":"https:\/\/www.condepoveda.com\/en\/wp-json\/wp\/v2\/types\/page"}],"author":[{"embeddable":true,"href":"https:\/\/www.condepoveda.com\/en\/wp-json\/wp\/v2\/users\/2"}],"replies":[{"embeddable":true,"href":"https:\/\/www.condepoveda.com\/en\/wp-json\/wp\/v2\/comments?post=82808"}],"version-history":[{"count":2,"href":"https:\/\/www.condepoveda.com\/en\/wp-json\/wp\/v2\/pages\/82808\/revisions"}],"predecessor-version":[{"id":82855,"href":"https:\/\/www.condepoveda.com\/en\/wp-json\/wp\/v2\/pages\/82808\/revisions\/82855"}],"wp:attachment":[{"href":"https:\/\/www.condepoveda.com\/en\/wp-json\/wp\/v2\/media?parent=82808"}],"curies":[{"name":"wp","href":"https:\/\/api.w.org\/{rel}","templated":true}]}}

ARTICLE: A contrarellotge contra la desmemòria

<div class="wpb-content-wrapper"><div data-parent="true" class="vc_row row-container" id="row-unique-0"><div class="row limit-width row-parent"><div class="wpb_row row-inner"><div class="wpb_column pos-top pos-center align_left column_parent col-lg-12 single-internal-gutter"><div class="uncol style-light"  ><div class="uncoltable"><div class="uncell no-block-padding" ><div class="uncont"><div class="vc_custom_heading_wrap"><div class="heading-text el-text" ></p>
<h2>ARTICLE: A contrarellotge contra la desmemòria</h2>
<p>
</div><div class="clear"></div></div></div></div></div></div></div><script id="script-row-unique-0" data-row="script-row-unique-0" type="text/javascript" class="vc_controls">UNCODE.initRow(document.getElementById("row-unique-0"));</script></div></div></div><div data-parent="true" class="vc_row row-container" id="row-unique-1"><div class="row limit-width row-parent"><div class="wpb_row row-inner"><div class="wpb_column pos-top pos-center align_left column_parent col-lg-12 single-internal-gutter"><div class="uncol style-light"  ><div class="uncoltable"><div class="uncell no-block-padding" ><div class="uncont"><div class="uncode-single-media  text-left"><div class="single-wrapper" style="max-width: 100%;"><div class="tmb tmb-light  tmb-media-first tmb-media-last tmb-content-overlay tmb-no-bg"><div class="t-inside"><div class="t-entry-visual"><div class="t-entry-visual-tc"><div class="uncode-single-media-wrapper"><img decoding="async" class="wp-image-82809" src="https://www.condepoveda.com/wp-content/uploads/2022/11/Captura-de-pantalla-2022-11-06-a-les-13.40.59.png" width="1760" height="1158" alt="" srcset="https://www.condepoveda.com/wp-content/uploads/2022/11/Captura-de-pantalla-2022-11-06-a-les-13.40.59.png 1760w, https://www.condepoveda.com/wp-content/uploads/2022/11/Captura-de-pantalla-2022-11-06-a-les-13.40.59-600x395.png 600w, https://www.condepoveda.com/wp-content/uploads/2022/11/Captura-de-pantalla-2022-11-06-a-les-13.40.59-300x197.png 300w, https://www.condepoveda.com/wp-content/uploads/2022/11/Captura-de-pantalla-2022-11-06-a-les-13.40.59-1024x674.png 1024w, https://www.condepoveda.com/wp-content/uploads/2022/11/Captura-de-pantalla-2022-11-06-a-les-13.40.59-768x505.png 768w, https://www.condepoveda.com/wp-content/uploads/2022/11/Captura-de-pantalla-2022-11-06-a-les-13.40.59-1536x1011.png 1536w" sizes="(max-width: 1760px) 100vw, 1760px" /></div>
					</div>
				</div></div></div></div></div></div></div></div></div></div><script id="script-row-unique-1" data-row="script-row-unique-1" type="text/javascript" class="vc_controls">UNCODE.initRow(document.getElementById("row-unique-1"));</script></div></div></div><div data-parent="true" class="vc_row row-container" id="row-unique-2"><div class="row limit-width row-parent"><div class="wpb_row row-inner"><div class="wpb_column pos-top pos-center align_left column_parent col-lg-12 single-internal-gutter"><div class="uncol style-light"  ><div class="uncoltable"><div class="uncell no-block-padding" ><div class="uncont"><div class="uncode_text_column" ></p>
<h2>&#8220;A contrarellotge contra la desmemòria&#8221;</h2>
<h3><em>(28/10/22 a l’Eco de Sitges/Ribes)</em></h3>
<p><span style="font-weight: 400;">Encara em faig creus del que hem viscut la darrera setmana. A Irene Estévez la conec de quan jo encara era regidor i ens va enviar a tots els grups municipals (i també a Alcaldia) un mail explicant-nos la investigació que estava fent de l’antic Hospital de Carrabiners de Mas Solers. Ens hi vam interessar de ple i, posteriorment, vam poder llegir el resultat a les pàgines de l’Eco, on detallava les seves troballes. Així que vam aprofitar per organitzar una xerrada on la qual la vam convidar perquè expliquès la seva recerca. </span></p>
<p><span style="font-weight: 400;">Arran d’això, fa poques setmanes, em va explicar que l’Ajuntament continuava sense fer-li cas i que havia donat amb la investigació d’en Josep-Lluís Palacios sobre la fossa comuna del cementiri de Ribes amb dinou soldats republicans. &#8220;Com pot ser que no hi hagi, ni que sigui, una placa conmemorativa amb els seus noms?&#8221; em va preguntar.  Ens vam posar mans a la feina i el cert és que, al revisar la documentació, no podia sortir de la meva estupefacció. Resulta que, des del 2002, era públic un llistat de noms i cognoms dels soldats que incloïa la brigada on van servir, l’edat que tenien i el poble d’on eren originaris. No entenia res. Memorials propers com el de Vilanova -amb la mateixa quantitat de soldats i molta menys informació dels soldats- o el d’El Vendrell es van fer el 2014. Perquè no s’ha fet res, aquí? I el que m’era més xocant cada cop que rellegia els noms: ningú ha avisat a les seves familíes? </span></p>
<p><span style="font-weight: 400;">La iniciativa va començar com un repte: érem capaços de demostrar que amb una mica d’esforç l’Ajuntament hagués pogut fer aquesta feina? I els resultats van ser aclaparadors: concentrant-nos només amb els cinc soldats dels pobles més petits, en quatre dies vam localitzar als familiars de dos d’ells. Les seves històries ens van capbussar en una emoció que t’arrapa. Encara tinc la pell de gallina quan recordo que el primer familiar de Félix Díaz Bajo que vam localitzar ens va dir que li havien posat el seu nom en homenatge a “un tiet que va morir” a la guerra. O quan els néts </span><span style="font-weight: 400;">d’Alejandro Viñuales</span><span style="font-weight: 400;"> ens van explicar com de conmocionada estava la seva àvia -ja molt gran- en saber que finalment podria enterrar el seu pare amb la seva mare al seu poble natal.</span></p>
<p><span style="font-weight: 400;">També ens va colpir la història de la Catalina Díaz Bajo, germana d’en Fèlix i que fou secretaria de la JSU, de Socorro Rojo Internacional i de Mujeres Antifascistas. Repressaliada, va passar per multiples pressons com la de Pozoblanco i la Modelo a Barcelona, i l&#8217;obligaren a fer un &#8220;paseo&#8221; de càstig al seu poble. Ens afirmen que, fins que va morir va intentar sense èxit localitzar el cos del seu germà. Parlant amb els familiars catalans d&#8217;en Fèlix, vam descobrir que la recerca mai va terminar i que fa poc van trobar els certificats de defunció, però que no entenien les direccions. I és que en alguns documents hi posa &#8220;Hospital de Solers en Villanueva i la Geltrú&#8221; o &#8220;Ribes del Penedés&#8221; (denominació del municipi durant la República). Una toponímia de l’època, molt críptica i confosa si no ets d&#8217;aquí.</span></p>
<p>La desmemòria del règim feixista, va significar l&#8217;oblit i desaparició forçada<span style="font-weight: 400;"> de desenes de milers de persones que defensaven la legitimitat de la democràcia republicana. I s&#8217;estima que va resultar en més de 140mil persones desaparegudes. La seva recerca i dignificació és una obligació moral recollida a la Llei de Memòria Democràtica i no hi ha cap excusa que justifiqui que un Ajuntament no enviï un senzill correu electrònic a un altre Ajuntament notificant-li que s&#8217;han descobert la ubicació de les restes d&#8217;un veí del seu poble al nostre municipi. Ara es tracta d&#8217;una cursa a contrarellotge, ja que encara hi ha familiars directes vius molt grans, com la filla de l&#8217;Alejandro: Els hi debem.</span></p>
<p>
</div></div></div></div></div></div><script id="script-row-unique-2" data-row="script-row-unique-2" type="text/javascript" class="vc_controls">UNCODE.initRow(document.getElementById("row-unique-2"));</script></div></div></div>
</div>

ARTICLE: A contrarellotge contra la desmemòria &#8220;A contrarellotge contra la desmemòria&#8221; (28/10/22 a l’Eco de Sitges/Ribes) Encara em faig creus [...]
